Last updated on 2025-01-17 17:48:25 CET.
Flavor | Version | Tinstall | Tcheck | Ttotal | Status | Flags |
---|---|---|---|---|---|---|
r-devel-linux-x86_64-debian-clang | 1.0.7 | 2.01 | 18.18 | 20.19 | OK | |
r-devel-linux-x86_64-debian-gcc | 1.0.7 | 1.27 | 15.36 | 16.63 | OK | |
r-devel-linux-x86_64-fedora-clang | 1.0.7 | 32.36 | OK | |||
r-devel-linux-x86_64-fedora-gcc | 1.0.7 | 32.31 | OK | |||
r-devel-windows-x86_64 | 1.0.7 | 3.00 | 40.00 | 43.00 | OK | |
r-patched-linux-x86_64 | 1.0.7 | 1.86 | 17.28 | 19.14 | NOTE | |
r-release-linux-x86_64 | 1.0.7 | 1.55 | 18.16 | 19.71 | NOTE | |
r-release-macos-arm64 | 1.0.7 | 14.00 | NOTE | |||
r-release-macos-x86_64 | 1.0.7 | 23.00 | NOTE | |||
r-release-windows-x86_64 | 1.0.7 | 3.00 | 40.00 | 43.00 | NOTE | |
r-oldrel-macos-arm64 | 1.0.7 | 18.00 | NOTE | |||
r-oldrel-macos-x86_64 | 1.0.7 | 20.00 | NOTE | |||
r-oldrel-windows-x86_64 | 1.0.7 | 5.00 | 40.00 | 45.00 | NOTE |
Version: 1.0.7
Check: package dependencies
Result: NOTE
Package which this enhances but not available for checking: ‘gurobi’
Flavors: r-patched-linux-x86_64, r-release-linux-x86_64, r-release-macos-arm64, r-release-macos-x86_64, r-release-windows-x86_64, r-oldrel-macos-arm64, r-oldrel-macos-x86_64, r-oldrel-windows-x86_64