Last updated on 2022-05-26 23:52:58 CEST.
Flavor | Version | Tinstall | Tcheck | Ttotal | Status | Flags |
---|---|---|---|---|---|---|
r-devel-linux-x86_64-debian-clang | 0.0.1 | 1.89 | 41.27 | 43.16 | NOTE | |
r-devel-linux-x86_64-debian-gcc | 0.0.1 | 1.86 | 37.00 | 38.86 | NOTE | |
r-devel-linux-x86_64-fedora-clang | 0.0.1 | 52.97 | NOTE | |||
r-devel-linux-x86_64-fedora-gcc | 0.0.1 | 51.62 | NOTE | |||
r-devel-windows-x86_64 | 0.0.1 | 16.00 | 61.00 | 77.00 | NOTE | |
r-patched-linux-x86_64 | 0.0.1 | 2.15 | 40.76 | 42.91 | NOTE | |
r-release-linux-x86_64 | 0.0.1 | 2.15 | 40.75 | 42.90 | NOTE | |
r-release-macos-arm64 | 0.0.1 | 17.00 | NOTE | |||
r-release-macos-x86_64 | 0.0.1 | 25.00 | NOTE | |||
r-release-windows-x86_64 | 0.0.1 | 16.00 | 65.00 | 81.00 | NOTE | |
r-oldrel-macos-arm64 | 0.0.1 | 19.00 | NOTE | |||
r-oldrel-macos-x86_64 | 0.0.1 | 36.00 | NOTE | |||
r-oldrel-windows-ix86+x86_64 | 0.0.1 | 5.00 | 53.00 | 58.00 | NOTE |
Version: 0.0.1
Check: LazyData
Result: NOTE
'LazyData' is specified without a 'data' directory
Flavors: r-devel-linux-x86_64-debian-clang, r-devel-linux-x86_64-debian-gcc, r-devel-linux-x86_64-fedora-clang, r-devel-linux-x86_64-fedora-gcc, r-devel-windows-x86_64, r-patched-linux-x86_64, r-release-linux-x86_64, r-release-macos-arm64, r-release-macos-x86_64, r-release-windows-x86_64, r-oldrel-macos-arm64, r-oldrel-macos-x86_64, r-oldrel-windows-ix86+x86_64