Last updated on 2023-03-31 11:54:12 CEST.
Flavor | Version | Tinstall | Tcheck | Ttotal | Status | Flags |
---|---|---|---|---|---|---|
r-devel-linux-x86_64-debian-clang | 0.23.4 | 7.38 | 61.15 | 68.53 | OK | |
r-devel-linux-x86_64-debian-gcc | 0.23.4 | 5.26 | 46.19 | 51.45 | OK | |
r-devel-linux-x86_64-fedora-clang | 0.23.4 | 82.69 | OK | |||
r-devel-linux-x86_64-fedora-gcc | 0.23.4 | 90.68 | NOTE | |||
r-devel-windows-x86_64 | 0.23.4 | 58.00 | 0.00 | 58.00 | OK | |
r-patched-linux-x86_64 | 0.23.4 | 9.00 | 45.48 | 54.48 | OK | |
r-release-linux-x86_64 | 0.23.4 | 4.92 | 55.80 | 60.72 | OK | |
r-release-macos-arm64 | 0.23.4 | 30.00 | OK | |||
r-release-macos-x86_64 | 0.23.4 | 49.00 | OK | |||
r-release-windows-x86_64 | 0.23.4 | 84.00 | 95.00 | 179.00 | OK | |
r-oldrel-macos-arm64 | 0.23.4 | 33.00 | OK | |||
r-oldrel-macos-x86_64 | 0.23.4 | 41.00 | OK | |||
r-oldrel-windows-ix86+x86_64 | 0.23.4 | 13.00 | 86.00 | 99.00 | NOTE |
Version: 0.23.4
Check: for non-standard things in the check directory
Result: NOTE
Found the following files/directories:
‘pkgbuild’
Flavor: r-devel-linux-x86_64-fedora-gcc
Version: 0.23.4
Check: dependencies in R code
Result: NOTE
Initiating curl with CURL_SSL_BACKEND: openssl
Flavor: r-oldrel-windows-ix86+x86_64