CRAN Package Check Results for Package intensity.analysis

Last updated on 2022-11-27 11:55:51 CET.

Flavor Version Tinstall Tcheck Ttotal Status Flags
r-devel-linux-x86_64-debian-clang 0.1.6 36.07 322.48 358.55 NOTE
r-devel-linux-x86_64-debian-gcc 0.1.6 22.56 253.73 276.29 NOTE
r-devel-linux-x86_64-fedora-clang 0.1.6 466.99 NOTE
r-devel-linux-x86_64-fedora-gcc 0.1.6 489.47 NOTE
r-devel-windows-x86_64 0.1.6 89.00 358.00 447.00 NOTE
r-patched-linux-x86_64 0.1.6 35.38 326.53 361.91 NOTE
r-release-linux-x86_64 0.1.6 32.11 311.08 343.19 NOTE
r-release-macos-arm64 0.1.6 93.00 NOTE
r-release-macos-x86_64 0.1.6 166.00 NOTE
r-release-windows-x86_64 0.1.6 96.00 345.00 441.00 NOTE
r-oldrel-macos-arm64 0.1.6 78.00 NOTE
r-oldrel-macos-x86_64 0.1.6 81.00 NOTE
r-oldrel-windows-ix86+x86_64 0.1.6 71.00 355.00 426.00 NOTE

Check Details

Version: 0.1.6
Check: LazyData
Result: NOTE
     'LazyData' is specified without a 'data' directory
Flavors: r-devel-linux-x86_64-debian-clang, r-devel-linux-x86_64-debian-gcc, r-devel-linux-x86_64-fedora-clang, r-devel-linux-x86_64-fedora-gcc, r-devel-windows-x86_64, r-patched-linux-x86_64, r-release-linux-x86_64, r-release-macos-arm64, r-release-macos-x86_64, r-release-windows-x86_64, r-oldrel-macos-arm64, r-oldrel-macos-x86_64, r-oldrel-windows-ix86+x86_64

Version: 0.1.6
Check: dependencies in R code
Result: NOTE
    Namespace in Imports field not imported from: ‘grDevices’
     All declared Imports should be used.
Flavors: r-devel-linux-x86_64-fedora-clang, r-devel-linux-x86_64-fedora-gcc, r-release-macos-arm64, r-release-macos-x86_64, r-oldrel-macos-arm64, r-oldrel-macos-x86_64