Last updated on 2024-08-31 17:48:58 CEST.
Flavor | Version | Tinstall | Tcheck | Ttotal | Status | Flags |
---|---|---|---|---|---|---|
r-devel-linux-x86_64-debian-clang | 0.1.0 | 1.56 | 22.52 | 24.08 | OK | |
r-devel-linux-x86_64-debian-gcc | 0.1.0 | 1.74 | 17.96 | 19.70 | OK | |
r-devel-linux-x86_64-fedora-clang | 0.1.0 | 39.35 | NOTE | |||
r-devel-linux-x86_64-fedora-gcc | 0.1.0 | 37.24 | OK | |||
r-devel-windows-x86_64 | 0.1.0 | 4.00 | 51.00 | 55.00 | OK | |
r-patched-linux-x86_64 | 0.1.0 | 2.19 | 21.84 | 24.03 | OK | |
r-release-linux-x86_64 | 0.1.0 | 2.02 | 21.84 | 23.86 | OK | |
r-release-macos-arm64 | 0.1.0 | 17.00 | OK | |||
r-release-macos-x86_64 | 0.1.0 | 27.00 | OK | |||
r-release-windows-x86_64 | 0.1.0 | 3.00 | 64.00 | 67.00 | OK | |
r-oldrel-macos-arm64 | 0.1.0 | 18.00 | OK | |||
r-oldrel-macos-x86_64 | 0.1.0 | 22.00 | OK | |||
r-oldrel-windows-x86_64 | 0.1.0 | 3.00 | 49.00 | 52.00 | OK |
Version: 0.1.0
Check: Rd cross-references
Result: NOTE
Undeclared package ‘colorspace’ in Rd xrefs
Flavor: r-devel-linux-x86_64-fedora-clang