Last updated on 2024-08-16 11:49:42 CEST.
Flavor | Version | Tinstall | Tcheck | Ttotal | Status | Flags |
---|---|---|---|---|---|---|
r-devel-linux-x86_64-debian-clang | 0.1.1 | 7.18 | 60.19 | 67.37 | NOTE | |
r-devel-linux-x86_64-debian-gcc | 0.1.1 | 5.05 | 43.17 | 48.22 | NOTE | |
r-devel-linux-x86_64-fedora-clang | 0.1.1 | 104.36 | OK | |||
r-devel-linux-x86_64-fedora-gcc | 0.1.1 | 100.78 | OK | |||
r-devel-windows-x86_64 | 0.1.1 | 7.00 | 73.00 | 80.00 | NOTE | |
r-patched-linux-x86_64 | 0.1.1 | 7.36 | 55.61 | 62.97 | OK | |
r-release-linux-x86_64 | 0.1.1 | 7.25 | 56.35 | 63.60 | OK | |
r-release-macos-arm64 | 0.1.1 | 30.00 | OK | |||
r-release-macos-x86_64 | 0.1.1 | 46.00 | OK | |||
r-release-windows-x86_64 | 0.1.1 | 8.00 | 80.00 | 88.00 | OK | |
r-oldrel-macos-arm64 | 0.1.1 | 34.00 | OK | |||
r-oldrel-macos-x86_64 | 0.1.1 | 57.00 | OK | |||
r-oldrel-windows-x86_64 | 0.1.1 | 10.00 | 91.00 | 101.00 | OK |
Version: 0.1.1
Check: Rd cross-references
Result: NOTE
Found the following Rd file(s) with Rd \link{} targets missing package
anchors:
NormalizedLaplacian.Rd: Matrix-class
PerturbedLaplacian.Rd: Matrix-class
RegularizedLaplacian.Rd: Matrix-class
Please provide package anchors for all Rd \link{} targets not in the
package itself and the base packages.
Flavors: r-devel-linux-x86_64-debian-clang, r-devel-linux-x86_64-debian-gcc, r-devel-windows-x86_64