Last updated on 2023-12-11 05:51:56 CET.
Flavor | Version | Tinstall | Tcheck | Ttotal | Status | Flags |
---|---|---|---|---|---|---|
r-devel-linux-x86_64-debian-clang | 0.1.4 | 27.99 | 493.01 | 521.00 | NOTE | |
r-devel-linux-x86_64-debian-gcc | 0.1.4 | 21.65 | 414.06 | 435.71 | NOTE | |
r-devel-linux-x86_64-fedora-clang | 0.1.4 | 647.08 | OK | |||
r-devel-linux-x86_64-fedora-gcc | 0.1.4 | 646.63 | OK | |||
r-devel-windows-x86_64 | 0.1.4 | 25.00 | 380.00 | 405.00 | OK | |
r-patched-linux-x86_64 | 0.1.4 | 33.67 | 458.18 | 491.85 | OK | |
r-release-linux-x86_64 | 0.1.4 | 18.89 | 471.50 | 490.39 | OK | |
r-release-macos-arm64 | 0.1.4 | 242.00 | OK | |||
r-release-macos-x86_64 | 0.1.4 | 324.00 | OK | |||
r-release-windows-x86_64 | 0.1.4 | 33.00 | 493.00 | 526.00 | OK | |
r-oldrel-macos-arm64 | 0.1.4 | 177.00 | OK | |||
r-oldrel-macos-x86_64 | 0.1.4 | 225.00 | OK | |||
r-oldrel-windows-x86_64 | 0.1.4 | 32.00 | 466.00 | 498.00 | OK |
Version: 0.1.4
Check: Rd files
Result: NOTE
checkRd: (-1) check_new_rater.Rd:64-65: Lost braces in \itemize; \value handles \item{}{} directly
checkRd: (-1) check_new_rater.Rd:66-67: Lost braces in \itemize; \value handles \item{}{} directly
checkRd: (-1) check_new_rater.Rd:68-69: Lost braces in \itemize; \value handles \item{}{} directly
checkRd: (-1) check_new_rater.Rd:71: Lost braces in \itemize; \value handles \item{}{} directly
checkRd: (-1) check_new_rater.Rd:76: Lost braces in \itemize; \value handles \item{}{} directly
checkRd: (-1) check_new_rater.Rd:78: Lost braces in \itemize; \value handles \item{}{} directly
checkRd: (-1) check_new_rater.Rd:86: Lost braces in \itemize; \value handles \item{}{} directly
checkRd: (-1) check_new_rater.Rd:88-89: Lost braces in \itemize; \value handles \item{}{} directly
checkRd: (-1) check_new_rater.Rd:91-92: Lost braces in \itemize; \value handles \item{}{} directly
checkRd: (-1) check_new_rater.Rd:98: Lost braces in \itemize; \value handles \item{}{} directly
checkRd: (-1) check_new_rater.Rd:100: Lost braces in \itemize; \value handles \item{}{} directly
checkRd: (-1) check_new_rater.Rd:102: Lost braces in \itemize; \value handles \item{}{} directly
checkRd: (-1) check_new_rater.Rd:104-106: Lost braces in \itemize; \value handles \item{}{} directly
checkRd: (-1) check_new_rater.Rd:108: Lost braces in \itemize; \value handles \item{}{} directly
checkRd: (-1) check_new_rater.Rd:110-111: Lost braces in \itemize; \value handles \item{}{} directly
checkRd: (-1) check_new_rater.Rd:113: Lost braces in \itemize; \value handles \item{}{} directly
checkRd: (-1) check_new_rater.Rd:115: Lost braces in \itemize; \value handles \item{}{} directly
checkRd: (-1) check_new_rater.Rd:117: Lost braces in \itemize; \value handles \item{}{} directly
checkRd: (-1) check_new_rater.Rd:119: Lost braces in \itemize; \value handles \item{}{} directly
checkRd: (-1) compute_iota2.Rd:74-75: Lost braces in \itemize; \value handles \item{}{} directly
checkRd: (-1) compute_iota2.Rd:76-77: Lost braces in \itemize; \value handles \item{}{} directly
checkRd: (-1) compute_iota2.Rd:78-79: Lost braces in \itemize; \value handles \item{}{} directly
checkRd: (-1) compute_iota2.Rd:81: Lost braces in \itemize; \value handles \item{}{} directly
checkRd: (-1) compute_iota2.Rd:83: Lost braces in \itemize; \value handles \item{}{} directly
checkRd: (-1) compute_iota2.Rd:85: Lost braces in \itemize; \value handles \item{}{} directly
checkRd: (-1) compute_iota2.Rd:91: Lost braces in \itemize; \value handles \item{}{} directly
checkRd: (-1) compute_iota2.Rd:93: Lost braces in \itemize; \value handles \item{}{} directly
checkRd: (-1) compute_iota2.Rd:101: Lost braces in \itemize; \value handles \item{}{} directly
checkRd: (-1) compute_iota2.Rd:103-104: Lost braces in \itemize; \value handles \item{}{} directly
checkRd: (-1) compute_iota2.Rd:106-107: Lost braces in \itemize; \value handles \item{}{} directly
checkRd: (-1) compute_iota2.Rd:114: Lost braces in \itemize; \value handles \item{}{} directly
checkRd: (-1) compute_iota2.Rd:116: Lost braces in \itemize; \value handles \item{}{} directly
checkRd: (-1) compute_iota2.Rd:118: Lost braces in \itemize; \value handles \item{}{} directly
checkRd: (-1) compute_iota2.Rd:120-122: Lost braces in \itemize; \value handles \item{}{} directly
checkRd: (-1) compute_iota2.Rd:124: Lost braces in \itemize; \value handles \item{}{} directly
checkRd: (-1) compute_iota2.Rd:126-127: Lost braces in \itemize; \value handles \item{}{} directly
checkRd: (-1) compute_iota2.Rd:129: Lost braces in \itemize; \value handles \item{}{} directly
checkRd: (-1) compute_iota2.Rd:131: Lost braces in \itemize; \value handles \item{}{} directly
checkRd: (-1) compute_iota2.Rd:133: Lost braces in \itemize; \value handles \item{}{} directly
checkRd: (-1) compute_iota2.Rd:135: Lost braces in \itemize; \value handles \item{}{} directly
checkRd: (-1) get_iota2_measures.Rd:27: Lost braces in \itemize; \value handles \item{}{} directly
checkRd: (-1) get_iota2_measures.Rd:29: Lost braces in \itemize; \value handles \item{}{} directly
checkRd: (-1) get_iota2_measures.Rd:31: Lost braces in \itemize; \value handles \item{}{} directly
checkRd: (-1) get_iota2_measures.Rd:32-33: Lost braces in \itemize; \value handles \item{}{} directly
checkRd: (-1) get_iota2_measures.Rd:34-35: Lost braces in \itemize; \value handles \item{}{} directly
checkRd: (-1) get_iota2_measures.Rd:36-37: Lost braces in \itemize; \value handles \item{}{} directly
checkRd: (-1) get_iota2_measures.Rd:42: Lost braces in \itemize; \value handles \item{}{} directly
checkRd: (-1) get_iota2_measures.Rd:44: Lost braces in \itemize; \value handles \item{}{} directly
checkRd: (-1) get_iota2_measures.Rd:52: Lost braces in \itemize; \value handles \item{}{} directly
checkRd: (-1) get_iota2_measures.Rd:54-55: Lost braces in \itemize; \value handles \item{}{} directly
checkRd: (-1) get_iota2_measures.Rd:57-58: Lost braces in \itemize; \value handles \item{}{} directly
Flavors: r-devel-linux-x86_64-debian-clang, r-devel-linux-x86_64-debian-gcc