Last updated on 2023-03-24 11:55:53 CET.
Flavor | Version | Tinstall | Tcheck | Ttotal | Status | Flags |
---|---|---|---|---|---|---|
r-devel-linux-x86_64-debian-clang | 1.0.0 | 143.80 | 71.92 | 215.72 | NOTE | |
r-devel-linux-x86_64-debian-gcc | 1.0.0 | 116.35 | 54.26 | 170.61 | NOTE | |
r-devel-linux-x86_64-fedora-clang | 1.0.0 | 360.68 | NOTE | |||
r-devel-linux-x86_64-fedora-gcc | 1.0.0 | 328.65 | NOTE | |||
r-patched-linux-x86_64 | 1.0.0 | 123.27 | 68.05 | 191.32 | OK | |
r-release-linux-x86_64 | 1.0.0 | 126.57 | 68.14 | 194.71 | OK | |
r-release-macos-arm64 | 1.0.0 | 90.00 | NOTE | |||
r-release-macos-x86_64 | 1.0.0 | 105.00 | NOTE | |||
r-release-windows-x86_64 | 1.0.0 | 184.00 | 135.00 | 319.00 | OK | |
r-oldrel-macos-arm64 | 1.0.0 | 71.00 | NOTE | |||
r-oldrel-macos-x86_64 | 1.0.0 | 110.00 | NOTE | |||
r-oldrel-windows-ix86+x86_64 | 1.0.0 | 366.00 | 158.00 | 524.00 | OK |
Version: 1.0.0
Check: C++ specification
Result: NOTE
Specified C++11: please drop specification unless essential
Flavors: r-devel-linux-x86_64-debian-clang, r-devel-linux-x86_64-debian-gcc, r-devel-linux-x86_64-fedora-clang, r-devel-linux-x86_64-fedora-gcc
Version: 1.0.0
Check: installed package size
Result: NOTE
installed size is 7.2Mb
sub-directories of 1Mb or more:
libs 6.7Mb
Flavors: r-release-macos-arm64, r-release-macos-x86_64, r-oldrel-macos-arm64, r-oldrel-macos-x86_64