CRAN Package Check Results for Package ipdw

Last updated on 2019-10-18 23:49:43 CEST.

Flavor Version Tinstall Tcheck Ttotal Status Flags
r-devel-linux-x86_64-debian-clang 0.2-7 12.96 180.49 193.45 OK
r-devel-linux-x86_64-debian-gcc 0.2-7 12.39 139.65 152.04 OK
r-devel-linux-x86_64-fedora-clang 0.2-7 234.96 OK
r-devel-linux-x86_64-fedora-gcc 0.2-7 230.61 OK
r-devel-windows-ix86+x86_64 0.2-7 32.00 247.00 279.00 OK
r-patched-linux-x86_64 0.2-7 12.10 175.36 187.46 OK
r-patched-solaris-x86 0.2-7 385.70 OK
r-release-linux-x86_64 0.2-7 13.85 177.86 191.71 OK
r-release-windows-ix86+x86_64 0.2-7 23.00 234.00 257.00 OK
r-release-osx-x86_64 0.2-7 FAIL
r-oldrel-windows-ix86+x86_64 0.2-7 15.00 169.00 184.00 OK
r-oldrel-osx-x86_64 0.2-7 OK

Check Details

Version: 0.2-7
Check: re-building of vignette outputs
Result: FAIL
    
Flavor: r-release-osx-x86_64