Last updated on 2023-03-24 23:52:10 CET.
Flavor | Version | Tinstall | Tcheck | Ttotal | Status | Flags |
---|---|---|---|---|---|---|
r-devel-linux-x86_64-debian-clang | 0.1.6 | 3.82 | 34.47 | 38.29 | OK | |
r-devel-linux-x86_64-debian-gcc | 0.1.6 | 2.61 | 26.78 | 29.39 | OK | |
r-devel-linux-x86_64-fedora-clang | 0.1.6 | 51.22 | OK | |||
r-devel-linux-x86_64-fedora-gcc | 0.1.6 | 60.27 | OK | |||
r-patched-linux-x86_64 | 0.1.6 | 3.15 | 34.16 | 37.31 | OK | |
r-release-linux-x86_64 | 0.1.6 | 3.93 | 34.87 | 38.80 | OK | |
r-release-macos-arm64 | 0.1.6 | 22.00 | OK | |||
r-release-macos-x86_64 | 0.1.6 | 40.00 | OK | |||
r-release-windows-x86_64 | 0.1.6 | 17.00 | 67.00 | 84.00 | OK | |
r-oldrel-macos-arm64 | 0.1.6 | 24.00 | OK | |||
r-oldrel-macos-x86_64 | 0.1.6 | 33.00 | OK | |||
r-oldrel-windows-ix86+x86_64 | 0.1.6 | 8.00 | 62.00 | 70.00 | NOTE |
Version: 0.1.6
Check: dependencies in R code
Result: NOTE
Initiating curl with CURL_SSL_BACKEND: openssl
Flavor: r-oldrel-windows-ix86+x86_64