Last updated on 2024-03-28 17:49:31 CET.
Flavor | Version | Tinstall | Tcheck | Ttotal | Status | Flags |
---|---|---|---|---|---|---|
r-devel-linux-x86_64-debian-clang | 1.0.2 | 6.72 | 163.35 | 170.07 | NOTE | |
r-devel-linux-x86_64-debian-gcc | 1.0.2 | 5.39 | 121.51 | 126.90 | NOTE | |
r-devel-linux-x86_64-fedora-clang | 1.0.2 | 212.19 | NOTE | |||
r-devel-linux-x86_64-fedora-gcc | 1.0.2 | 213.25 | NOTE | |||
r-devel-windows-x86_64 | 1.0.2 | 6.00 | 124.00 | 130.00 | NOTE | |
r-patched-linux-x86_64 | 1.0.2 | 4.28 | 159.03 | 163.31 | NOTE | |
r-release-linux-x86_64 | 1.0.2 | 3.80 | 156.72 | 160.52 | NOTE | |
r-release-macos-arm64 | 1.0.2 | 79.00 | NOTE | |||
r-release-macos-x86_64 | 1.0.2 | 121.00 | NOTE | |||
r-release-windows-x86_64 | 1.0.2 | 9.00 | 167.00 | 176.00 | NOTE | |
r-oldrel-macos-arm64 | 1.0.2 | 57.00 | NOTE | |||
r-oldrel-windows-x86_64 | 1.0.2 | 8.00 | 172.00 | 180.00 | NOTE |
Version: 1.0.2
Check: LazyData
Result: NOTE
'LazyData' is specified without a 'data' directory
Flavors: r-devel-linux-x86_64-debian-clang, r-devel-linux-x86_64-debian-gcc, r-devel-linux-x86_64-fedora-clang, r-devel-linux-x86_64-fedora-gcc, r-devel-windows-x86_64, r-patched-linux-x86_64, r-release-linux-x86_64, r-release-macos-arm64, r-release-macos-x86_64, r-release-windows-x86_64, r-oldrel-macos-arm64, r-oldrel-windows-x86_64