Last updated on 2023-09-28 05:56:50 CEST.
Flavor | Version | Tinstall | Tcheck | Ttotal | Status | Flags |
---|---|---|---|---|---|---|
r-devel-linux-x86_64-debian-clang | 0.2.1 | 13.77 | 261.09 | 274.86 | NOTE | |
r-devel-linux-x86_64-debian-gcc | 0.2.1 | 10.89 | 195.87 | 206.76 | NOTE | |
r-devel-linux-x86_64-fedora-clang | 0.2.1 | 317.03 | NOTE | |||
r-devel-linux-x86_64-fedora-gcc | 0.2.1 | 372.34 | NOTE | |||
r-devel-windows-x86_64 | 0.2.1 | 13.00 | 205.00 | 218.00 | NOTE | |
r-patched-linux-x86_64 | 0.2.1 | 8.97 | 250.71 | 259.68 | NOTE | |
r-release-linux-x86_64 | 0.2.1 | 7.88 | 249.88 | 257.76 | NOTE | |
r-release-macos-arm64 | 0.2.1 | 105.00 | NOTE | |||
r-release-macos-x86_64 | 0.2.1 | 184.00 | NOTE | |||
r-release-windows-x86_64 | 0.2.1 | 18.00 | 277.00 | 295.00 | NOTE | |
r-oldrel-macos-arm64 | 0.2.1 | 93.00 | OK | |||
r-oldrel-macos-x86_64 | 0.2.1 | 146.00 | OK | |||
r-oldrel-windows-x86_64 | 0.2.1 | 18.00 | 267.00 | 285.00 | OK |
Version: 0.2.1
Check: Rd files
Result: NOTE
checkRd: (-1) ir_to_transmittance.Rd:49: Escaped LaTeX specials: \&
Flavors: r-devel-linux-x86_64-debian-clang, r-devel-linux-x86_64-debian-gcc, r-devel-linux-x86_64-fedora-clang, r-devel-linux-x86_64-fedora-gcc, r-devel-windows-x86_64, r-patched-linux-x86_64, r-release-linux-x86_64, r-release-macos-arm64, r-release-macos-x86_64, r-release-windows-x86_64