Last updated on 2023-11-29 05:52:20 CET.
Flavor | Version | Tinstall | Tcheck | Ttotal | Status | Flags |
---|---|---|---|---|---|---|
r-devel-linux-x86_64-debian-clang | 3.5 | 13.33 | 110.77 | 124.10 | OK | |
r-devel-linux-x86_64-debian-gcc | 3.5 | 9.43 | 84.44 | 93.87 | OK | |
r-devel-linux-x86_64-fedora-clang | 3.5 | 148.45 | OK | |||
r-devel-linux-x86_64-fedora-gcc | 3.5 | 155.34 | OK | |||
r-devel-windows-x86_64 | 3.5 | 12.00 | 126.00 | 138.00 | OK | |
r-patched-linux-x86_64 | 3.5 | 10.25 | 105.12 | 115.37 | OK | |
r-release-linux-x86_64 | 3.5 | 9.65 | 105.22 | 114.87 | OK | |
r-release-macos-arm64 | 3.5 | 55.00 | NOTE | |||
r-release-macos-x86_64 | 3.5 | 134.00 | NOTE | |||
r-release-windows-x86_64 | 3.5 | 12.00 | 155.00 | 167.00 | OK | |
r-oldrel-macos-arm64 | 3.5 | 49.00 | NOTE | |||
r-oldrel-macos-x86_64 | 3.5 | 56.00 | NOTE | |||
r-oldrel-windows-x86_64 | 3.5 | 20.00 | 149.00 | 169.00 | OK |
Version: 3.5
Check: package dependencies
Result: NOTE
Package suggested but not available for checking: ‘Rmpi’
Flavors: r-release-macos-arm64, r-release-macos-x86_64, r-oldrel-macos-arm64, r-oldrel-macos-x86_64