Last updated on 2024-04-27 06:01:12 CEST.
Flavor | Version | Tinstall | Tcheck | Ttotal | Status | Flags |
---|---|---|---|---|---|---|
r-devel-linux-x86_64-debian-clang | 0.4.0 | 4.62 | 89.82 | 94.44 | OK | |
r-devel-linux-x86_64-debian-gcc | 0.4.0 | 3.78 | 61.64 | 65.42 | OK | |
r-devel-linux-x86_64-fedora-clang | 0.4.0 | 114.04 | NOTE | |||
r-devel-linux-x86_64-fedora-gcc | 0.4.0 | 121.00 | NOTE | |||
r-devel-windows-x86_64 | 0.4.0 | 5.00 | 77.00 | 82.00 | OK | |
r-patched-linux-x86_64 | 0.4.0 | 5.22 | 83.06 | 88.28 | OK | |
r-release-linux-x86_64 | 0.4.0 | 5.45 | 82.12 | 87.57 | OK | |
r-release-macos-arm64 | 0.4.0 | 37.00 | OK | |||
r-release-windows-x86_64 | 0.4.0 | 5.00 | 78.00 | 83.00 | OK | |
r-oldrel-macos-arm64 | 0.4.0 | 46.00 | OK | |||
r-oldrel-macos-x86_64 | 0.4.0 | 66.00 | OK | |||
r-oldrel-windows-x86_64 | 0.4.0 | 7.00 | 89.00 | 96.00 | OK |
Version: 0.4.0
Check: data for non-ASCII characters
Result: NOTE
Note: found 104 marked UTF-8 strings
Flavors: r-devel-linux-x86_64-fedora-clang, r-devel-linux-x86_64-fedora-gcc