CRAN Package Check Results for Package isoband

Last updated on 2022-11-26 10:58:01 CET.

Flavor Version Tinstall Tcheck Ttotal Status Flags
r-devel-linux-x86_64-debian-clang 0.2.6 32.78 42.74 75.52 OK
r-devel-linux-x86_64-debian-gcc 0.2.6 31.74 32.58 64.32 OK
r-devel-linux-x86_64-fedora-clang 0.2.6 123.45 OK
r-devel-linux-x86_64-fedora-gcc 0.2.6 137.80 OK
r-devel-windows-x86_64 0.2.6 627.00 106.00 733.00 OK
r-patched-linux-x86_64 0.2.6 OK
r-release-linux-x86_64 0.2.6 35.71 41.65 77.36 OK
r-release-macos-arm64 0.2.6 43.00 NOTE
r-release-macos-x86_64 0.2.6 89.00 NOTE
r-release-windows-x86_64 0.2.6 362.00 106.00 468.00 OK
r-oldrel-macos-arm64 0.2.6 53.00 NOTE
r-oldrel-macos-x86_64 0.2.6 89.00 NOTE
r-oldrel-windows-ix86+x86_64 0.2.6 100.00 101.00 201.00 OK

Check Details

Version: 0.2.6
Check: installed package size
Result: NOTE
     installed size is 8.3Mb
     sub-directories of 1Mb or more:
     libs 6.4Mb
Flavors: r-release-macos-arm64, r-release-macos-x86_64, r-oldrel-macos-arm64, r-oldrel-macos-x86_64