CRAN Package Check Results for Package isocat

Last updated on 2019-10-21 23:49:52 CEST.

Flavor Version Tinstall Tcheck Ttotal Status Flags
r-devel-linux-x86_64-debian-clang 0.2.3 8.03 99.31 107.34 OK
r-devel-linux-x86_64-debian-gcc 0.2.3 7.84 76.40 84.24 OK
r-devel-linux-x86_64-fedora-clang 0.2.3 126.50 NOTE
r-devel-linux-x86_64-fedora-gcc 0.2.3 125.61 NOTE
r-devel-windows-ix86+x86_64 0.2.3 13.00 142.00 155.00 OK
r-patched-linux-x86_64 0.2.3 6.89 96.11 103.00 OK
r-patched-solaris-x86 0.2.3 174.70 NOTE
r-release-linux-x86_64 0.2.3 8.74 96.76 105.50 OK
r-release-windows-ix86+x86_64 0.2.3 21.00 143.00 164.00 OK
r-release-osx-x86_64 0.2.3 NOTE
r-oldrel-windows-ix86+x86_64 0.2.3 9.00 101.00 110.00 OK
r-oldrel-osx-x86_64 0.2.3 NOTE

Check Details

Version: 0.2.3
Check: dependencies in R code
Result: NOTE
    Namespace in Imports field not imported from: ‘dplyr’
     All declared Imports should be used.
Flavors: r-devel-linux-x86_64-fedora-clang, r-devel-linux-x86_64-fedora-gcc, r-patched-solaris-x86, r-release-osx-x86_64, r-oldrel-osx-x86_64