CRAN Package Check Results for Package isocir

Last updated on 2021-06-18 05:48:48 CEST.

Flavor Version Tinstall Tcheck Ttotal Status Flags
r-devel-linux-x86_64-debian-clang 2.0-6 10.02 70.16 80.18 NOTE
r-devel-linux-x86_64-debian-gcc 2.0-6 8.64 53.52 62.16 NOTE
r-devel-linux-x86_64-fedora-clang 2.0-6 103.81 NOTE
r-devel-linux-x86_64-fedora-gcc 2.0-6 95.13 NOTE
r-devel-windows-x86_64 2.0-6 16.00 95.00 111.00 NOTE
r-devel-windows-x86_64-gcc10-UCRT 2.0-6 NOTE
r-patched-linux-x86_64 2.0-6 13.52 67.85 81.37 NOTE
r-patched-solaris-x86 2.0-6 128.50 NOTE
r-release-linux-x86_64 2.0-6 9.03 67.79 76.82 NOTE
r-release-macos-arm64 2.0-6 NOTE
r-release-macos-x86_64 2.0-6 NOTE
r-release-windows-ix86+x86_64 2.0-6 24.00 81.00 105.00 NOTE
r-oldrel-macos-x86_64 2.0-6 NOTE
r-oldrel-windows-ix86+x86_64 2.0-6 20.00 104.00 124.00 NOTE

Check Details

Version: 2.0-6
Check: R code for possible problems
Result: NOTE
    ACO : bordacircular: no visible global function definition for
     'medianCircular'
    Undefined global functions or variables:
     medianCircular
Flavors: r-devel-linux-x86_64-debian-clang, r-devel-linux-x86_64-debian-gcc, r-devel-linux-x86_64-fedora-clang, r-devel-linux-x86_64-fedora-gcc, r-devel-windows-x86_64, r-devel-windows-x86_64-gcc10-UCRT, r-patched-linux-x86_64, r-patched-solaris-x86, r-release-linux-x86_64, r-release-macos-arm64, r-release-macos-x86_64, r-release-windows-ix86+x86_64, r-oldrel-macos-x86_64, r-oldrel-windows-ix86+x86_64

Version: 2.0-6
Check: compiled code
Result: NOTE
    File ‘isocir/libs/isocir.so’:
     Found no calls to: ‘R_registerRoutines’, ‘R_useDynamicSymbols’
    
    It is good practice to register native routines and to disable symbol
    search.
    
    See ‘Writing portable packages’ in the ‘Writing R Extensions’ manual.
Flavors: r-devel-linux-x86_64-fedora-clang, r-devel-linux-x86_64-fedora-gcc