CRAN Package Check Results for Package itsadug

Last updated on 2021-01-17 17:47:34 CET.

Flavor Version Tinstall Tcheck Ttotal Status Flags
r-devel-linux-x86_64-debian-clang 2.4 17.42 241.72 259.14 OK
r-devel-linux-x86_64-debian-gcc 2.4 12.88 186.96 199.84 OK
r-devel-linux-x86_64-fedora-clang 2.4 309.86 OK
r-devel-linux-x86_64-fedora-gcc 2.4 313.81 OK
r-devel-windows-ix86+x86_64 2.4 21.00 257.00 278.00 OK
r-patched-linux-x86_64 2.4 15.93 230.03 245.96 OK
r-patched-solaris-x86 2.4 556.60 NOTE
r-release-linux-x86_64 2.4 15.94 231.29 247.23 OK
r-release-macos-x86_64 2.4 OK
r-release-windows-ix86+x86_64 2.4 23.00 246.00 269.00 OK
r-oldrel-macos-x86_64 2.4 ERROR
r-oldrel-windows-ix86+x86_64 2.3 18.00 199.00 217.00 WARN

Check Details

Version: 2.4
Check: installed package size
Result: NOTE
     installed size is 5.5Mb
     sub-directories of 1Mb or more:
     doc 4.1Mb
Flavor: r-patched-solaris-x86

Version: 2.4
Check: whether package can be installed
Result: ERROR
    Installation failed.
Flavor: r-oldrel-macos-x86_64

Version: 2.3
Check: re-building of vignette outputs
Result: WARN
    Error(s) in re-building vignettes:
    --- re-building 'acf.Rmd' using rmarkdown
    Warning in engine$weave(file, quiet = quiet, encoding = enc) :
     The vignette engine knitr::rmarkdown is not available, because the rmarkdown package is not installed. Please install it.
    Quitting from lines 223-235 (acf.Rmd)
    Error: processing vignette 'acf.Rmd' failed with diagnostics:
    Different lengths of x and y.
    --- failed re-building 'acf.Rmd'
    
    --- re-building 'inspect.Rmd' using rmarkdown
    Warning in engine$weave(file, quiet = quiet, encoding = enc) :
     The vignette engine knitr::rmarkdown is not available, because the rmarkdown package is not installed. Please install it.
    --- finished re-building 'inspect.Rmd'
    
    --- re-building 'test.Rmd' using rmarkdown
    Warning in engine$weave(file, quiet = quiet, encoding = enc) :
     The vignette engine knitr::rmarkdown is not available, because the rmarkdown package is not installed. Please install it.
    Warning in doTryCatch(return(expr), name, parentenv, handler) :
     "plotCI" is not a graphical parameter
    Warning in doTryCatch(return(expr), name, parentenv, handler) :
     "plotCI" is not a graphical parameter
    Warning in doTryCatch(return(expr), name, parentenv, handler) :
     "plotCI" is not a graphical parameter
    Warning in doTryCatch(return(expr), name, parentenv, handler) :
     "plotCI" is not a graphical parameter
    Warning in doTryCatch(return(expr), name, parentenv, handler) :
     "plotCI" is not a graphical parameter
    Warning in doTryCatch(return(expr), name, parentenv, handler) :
     "plotCI" is not a graphical parameter
    --- finished re-building 'test.Rmd'
    
    SUMMARY: processing the following file failed:
     'acf.Rmd'
    
    Error: Vignette re-building failed.
    Execution halted
Flavor: r-oldrel-windows-ix86+x86_64