Last updated on 2024-04-25 17:49:53 CEST.
Flavor | Version | Tinstall | Tcheck | Ttotal | Status | Flags |
---|---|---|---|---|---|---|
r-devel-linux-x86_64-debian-clang | 1.0.1 | 43.75 | 122.81 | 166.56 | OK | |
r-devel-linux-x86_64-debian-gcc | 1.0.1 | 29.17 | 92.53 | 121.70 | OK | |
r-devel-linux-x86_64-fedora-clang | 1.0.1 | 214.97 | NOTE | |||
r-devel-linux-x86_64-fedora-gcc | 1.0.1 | 217.13 | NOTE | |||
r-devel-windows-x86_64 | 1.0.1 | 36.00 | 131.00 | 167.00 | OK | |
r-patched-linux-x86_64 | 1.0.1 | 29.32 | 116.82 | 146.14 | OK | |
r-release-linux-x86_64 | 1.0.1 | 39.64 | 116.60 | 156.24 | OK | |
r-release-macos-arm64 | 1.0.1 | 61.00 | OK | |||
r-release-windows-x86_64 | 1.0.1 | 35.00 | 127.00 | 162.00 | OK | |
r-oldrel-macos-arm64 | 1.0.1 | 68.00 | OK | |||
r-oldrel-macos-x86_64 | 1.0.1 | 103.00 | OK | |||
r-oldrel-windows-x86_64 | 1.0.1 | 43.00 | 152.00 | 195.00 | OK |
Version: 1.0.1
Check: data for non-ASCII characters
Result: NOTE
Note: found 58 marked UTF-8 strings
Flavors: r-devel-linux-x86_64-fedora-clang, r-devel-linux-x86_64-fedora-gcc