CRAN Package Check Results for Package jack

Last updated on 2022-01-26 23:50:22 CET.

Flavor Version Tinstall Tcheck Ttotal Status Flags
r-devel-linux-x86_64-debian-clang 1.1.1 17.01 158.71 175.72 NOTE
r-devel-linux-x86_64-debian-gcc 1.1.1 12.05 117.56 129.61 NOTE
r-devel-linux-x86_64-fedora-clang 1.1.1 194.58 NOTE
r-devel-linux-x86_64-fedora-gcc 1.1.1 195.19 NOTE
r-devel-windows-x86_64-new-UL 1.1.1 34.00 170.00 204.00 NOTE
r-devel-windows-x86_64-new-TK 1.1.1 NOTE
r-patched-linux-x86_64 1.1.1 11.04 142.00 153.04 NOTE
r-release-linux-x86_64 1.1.1 9.98 142.19 152.17 NOTE
r-release-macos-arm64 1.1.1 NOTE
r-release-macos-x86_64 1.1.1 NOTE
r-release-windows-ix86+x86_64 1.1.1 32.00 166.00 198.00 NOTE
r-oldrel-macos-x86_64 1.1.1 OK
r-oldrel-windows-ix86+x86_64 1.1.1 33.00 180.00 213.00 OK

Check Details

Version: 1.1.1
Check: LazyData
Result: NOTE
     'LazyData' is specified without a 'data' directory
Flavors: r-devel-linux-x86_64-debian-clang, r-devel-linux-x86_64-debian-gcc, r-devel-linux-x86_64-fedora-clang, r-devel-linux-x86_64-fedora-gcc, r-devel-windows-x86_64-new-UL, r-devel-windows-x86_64-new-TK, r-patched-linux-x86_64, r-release-linux-x86_64, r-release-macos-arm64, r-release-macos-x86_64, r-release-windows-ix86+x86_64