Last updated on 2023-11-29 05:52:20 CET.
Flavor | Version | Tinstall | Tcheck | Ttotal | Status | Flags |
---|---|---|---|---|---|---|
r-devel-linux-x86_64-debian-clang | 1.1.4 | 312.85 | 60.41 | 373.26 | WARN | |
r-devel-linux-x86_64-debian-gcc | 1.1.4 | 231.89 | 45.91 | 277.80 | WARN | |
r-devel-linux-x86_64-fedora-clang | 1.1.5 | 623.54 | NOTE | |||
r-devel-linux-x86_64-fedora-gcc | 1.1.4 | 643.90 | WARN | |||
r-devel-windows-x86_64 | 1.1.5 | 229.00 | 183.00 | 412.00 | NOTE | |
r-patched-linux-x86_64 | 1.1.4 | 277.59 | 57.68 | 335.27 | NOTE | |
r-release-linux-x86_64 | 1.1.4 | 285.01 | 58.01 | 343.02 | NOTE | |
r-release-macos-arm64 | 1.1.4 | 129.00 | NOTE | |||
r-release-macos-x86_64 | 1.1.4 | 154.00 | NOTE | |||
r-release-windows-x86_64 | 1.1.4 | 336.00 | 188.00 | 524.00 | NOTE | |
r-oldrel-macos-arm64 | 1.1.4 | 602.00 | NOTE | |||
r-oldrel-macos-x86_64 | 1.1.4 | 618.00 | NOTE | |||
r-oldrel-windows-x86_64 | 1.1.5 | 218.00 | 142.00 | 360.00 | NOTE |
Version: 1.1.4
Check: whether package can be installed
Result: WARN
Found the following significant warnings:
./ref_classes.h:245:35: warning: format specifies type 'double' but the argument has type 'uint64' (aka 'unsigned long') [-Wformat]
./ref_classes.h:247:33: warning: format specifies type 'int' but the argument has type 'uint64' (aka 'unsigned long') [-Wformat]
See ‘/home/hornik/tmp/R.check/r-devel-clang/Work/PKGS/jackalope.Rcheck/00install.out’ for details.
* used C++ compiler: ‘Debian clang version 17.0.5 (1)’
Flavor: r-devel-linux-x86_64-debian-clang
Version: 1.1.4
Check: for GNU extensions in Makefiles
Result: NOTE
GNU make is a SystemRequirements.
Flavors: r-devel-linux-x86_64-debian-clang, r-devel-linux-x86_64-debian-gcc, r-devel-linux-x86_64-fedora-gcc, r-patched-linux-x86_64, r-release-linux-x86_64, r-release-macos-arm64, r-release-macos-x86_64, r-release-windows-x86_64, r-oldrel-macos-arm64, r-oldrel-macos-x86_64
Version: 1.1.4
Check: whether package can be installed
Result: WARN
Found the following significant warnings:
ref_classes.h:245:31: warning: format ‘%E’ expects argument of type ‘double’, but argument 2 has type ‘uint64’ {aka ‘long unsigned int’} [-Wformat=]
ref_classes.h:247:29: warning: format ‘%i’ expects argument of type ‘int’, but argument 2 has type ‘uint64’ {aka ‘long unsigned int’} [-Wformat=]
See ‘/home/hornik/tmp/R.check/r-devel-gcc/Work/PKGS/jackalope.Rcheck/00install.out’ for details.
* used C++ compiler: ‘g++-13 (Debian 13.2.0-5) 13.2.0’
Flavor: r-devel-linux-x86_64-debian-gcc
Version: 1.1.5
Check: for GNU extensions in Makefiles
Result: NOTE
GNU make is a SystemRequirements.
Flavors: r-devel-linux-x86_64-fedora-clang, r-devel-windows-x86_64, r-oldrel-windows-x86_64
Version: 1.1.4
Check: whether package can be installed
Result: WARN
Found the following significant warnings:
ref_classes.h:245:31: warning: format '%E' expects argument of type 'double', but argument 2 has type 'uint64' {aka 'long unsigned int'} [-Wformat=]
ref_classes.h:247:29: warning: format '%i' expects argument of type 'int', but argument 2 has type 'uint64' {aka 'long unsigned int'} [-Wformat=]
See ‘/data/gannet/ripley/R/packages/tests-devel/jackalope.Rcheck/00install.out’ for details.
* used C++ compiler: ‘g++-13 (GCC) 13.2.0’
Flavor: r-devel-linux-x86_64-fedora-gcc
Version: 1.1.5
Check: installed package size
Result: NOTE
installed size is 13.3Mb
sub-directories of 1Mb or more:
art_profiles 1.5Mb
libs 11.0Mb
Flavors: r-devel-windows-x86_64, r-oldrel-windows-x86_64
Version: 1.1.4
Check: installed package size
Result: NOTE
installed size is 19.4Mb
sub-directories of 1Mb or more:
art_profiles 1.5Mb
libs 17.0Mb
Flavors: r-release-macos-arm64, r-release-macos-x86_64, r-release-windows-x86_64, r-oldrel-macos-arm64, r-oldrel-macos-x86_64