Last updated on 2023-03-31 23:50:24 CEST.
Flavor | Version | Tinstall | Tcheck | Ttotal | Status | Flags |
---|---|---|---|---|---|---|
r-devel-linux-x86_64-debian-clang | 2.2.0 | 6.74 | 103.17 | 109.91 | OK | |
r-devel-linux-x86_64-debian-gcc | 2.2.0 | 5.24 | 76.70 | 81.94 | OK | |
r-devel-linux-x86_64-fedora-clang | 2.2.0 | 132.64 | OK | |||
r-devel-linux-x86_64-fedora-gcc | 2.2.0 | 157.01 | OK | |||
r-devel-windows-x86_64 | 2.2.0 | 42.00 | 0.00 | 42.00 | OK | |
r-patched-linux-x86_64 | 2.2.0 | 8.27 | 97.90 | 106.17 | OK | |
r-release-linux-x86_64 | 2.2.0 | 5.49 | 98.24 | 103.73 | OK | |
r-release-macos-arm64 | 2.2.0 | 39.00 | OK | |||
r-release-macos-x86_64 | 2.2.0 | 57.00 | OK | |||
r-release-windows-x86_64 | 2.2.0 | 44.00 | 145.00 | 189.00 | OK | |
r-oldrel-macos-arm64 | 2.2.0 | 48.00 | OK | |||
r-oldrel-macos-x86_64 | 2.2.0 | 61.00 | OK | |||
r-oldrel-windows-ix86+x86_64 | 2.2.0 | 14.00 | 134.00 | 148.00 | WARN |
Version: 2.2.0
Check: re-building of vignette outputs
Result: WARN
Error(s) in re-building vignettes:
--- re-building 'janitor.Rmd' using rmarkdown
pandoc.exe: Unknown extension: gfm_auto_identifiers
Error: processing vignette 'janitor.Rmd' failed with diagnostics:
pandoc document conversion failed with error 7
--- failed re-building 'janitor.Rmd'
--- re-building 'tabyls.Rmd' using rmarkdown
Error: processing vignette 'tabyls.Rmd' failed with diagnostics:
object 'preview_math' not found
--- failed re-building 'tabyls.Rmd'
SUMMARY: processing the following files failed:
'janitor.Rmd' 'tabyls.Rmd'
Error: Vignette re-building failed.
Execution halted
Flavor: r-oldrel-windows-ix86+x86_64