CRAN Package Check Results for Package japanmesh

Last updated on 2023-03-29 06:53:38 CEST.

Flavor Version Tinstall Tcheck Ttotal Status Flags
r-devel-linux-x86_64-debian-clang 0.1.1 5.68 43.69 49.37 WARN
r-devel-linux-x86_64-debian-gcc 0.1.1 4.04 33.89 37.93 WARN
r-devel-linux-x86_64-fedora-clang 0.1.1 61.97 WARN
r-devel-linux-x86_64-fedora-gcc 0.1.1 66.09 WARN
r-devel-windows-x86_64 0.1.1 19.00 0.00 19.00 WARN
r-patched-linux-x86_64 0.1.1 5.13 41.81 46.94 WARN
r-release-linux-x86_64 0.1.1 4.21 44.36 48.57 OK
r-release-macos-arm64 0.1.1 23.00 NOTE
r-release-macos-x86_64 0.1.1 40.00 NOTE
r-release-windows-x86_64 0.1.1 42.00 75.00 117.00 OK
r-oldrel-macos-arm64 0.1.1 126.00 NOTE
r-oldrel-macos-x86_64 0.1.1 32.00 NOTE
r-oldrel-windows-ix86+x86_64 0.1.1 13.00 72.00 85.00 OK

Check Details

Version: 0.1.1
Check: S3 generic/method consistency
Result: WARN
    vec_ptype_abbr:
     function(x, ..., prefix_named, suffix_shape)
    vec_ptype_abbr.mesh_500m:
     function(x)
    
    vec_ptype_abbr:
     function(x, ..., prefix_named, suffix_shape)
    vec_ptype_abbr.mesh_1km:
     function(x)
    
    vec_ptype_abbr:
     function(x, ..., prefix_named, suffix_shape)
    vec_ptype_abbr.mesh_80km:
     function(x)
    
    vec_ptype_abbr:
     function(x, ..., prefix_named, suffix_shape)
    vec_ptype_abbr.mesh_10km:
     function(x)
    
    vec_ptype_abbr:
     function(x, ..., prefix_named, suffix_shape)
    vec_ptype_abbr.mesh_250m:
     function(x)
    
    vec_ptype_abbr:
     function(x, ..., prefix_named, suffix_shape)
    vec_ptype_abbr.mesh_125m:
     function(x)
    
    vec_ptype_abbr:
     function(x, ..., prefix_named, suffix_shape)
    vec_ptype_abbr.mesh_100m:
     function(x)
    See section ‘Generic functions and methods’ in the ‘Writing R
    Extensions’ manual.
Flavors: r-devel-linux-x86_64-debian-clang, r-devel-linux-x86_64-debian-gcc, r-devel-linux-x86_64-fedora-clang, r-devel-linux-x86_64-fedora-gcc, r-devel-windows-x86_64, r-patched-linux-x86_64

Version: 0.1.1
Check: data for non-ASCII characters
Result: NOTE
     Note: found 461377 marked UTF-8 strings
Flavors: r-devel-linux-x86_64-fedora-clang, r-devel-linux-x86_64-fedora-gcc, r-release-macos-arm64, r-release-macos-x86_64, r-oldrel-macos-arm64, r-oldrel-macos-x86_64