Last updated on 2023-03-29 06:53:38 CEST.
Flavor | Version | Tinstall | Tcheck | Ttotal | Status | Flags |
---|---|---|---|---|---|---|
r-devel-linux-x86_64-debian-clang | 0.1.0 | 4.17 | 45.11 | 49.28 | OK | |
r-devel-linux-x86_64-debian-gcc | 0.1.0 | 4.18 | 34.39 | 38.57 | OK | |
r-devel-linux-x86_64-fedora-clang | 0.1.0 | 62.46 | NOTE | |||
r-devel-linux-x86_64-fedora-gcc | 0.1.0 | 63.18 | NOTE | |||
r-devel-windows-x86_64 | 0.1.0 | 12.00 | 0.00 | 12.00 | OK | |
r-patched-linux-x86_64 | 0.1.0 | 5.64 | 42.93 | 48.57 | OK | |
r-release-linux-x86_64 | 0.1.0 | 4.28 | 46.39 | 50.67 | OK | |
r-release-macos-arm64 | 0.1.0 | 22.00 | NOTE | |||
r-release-macos-x86_64 | 0.1.0 | 46.00 | NOTE | |||
r-release-windows-x86_64 | 0.1.0 | 21.00 | 89.00 | 110.00 | OK | |
r-oldrel-macos-arm64 | 0.1.0 | 128.00 | NOTE | |||
r-oldrel-macos-x86_64 | 0.1.0 | 34.00 | NOTE | |||
r-oldrel-windows-ix86+x86_64 | 0.1.0 | 12.00 | 74.00 | 86.00 | OK |
Version: 0.1.0
Check: data for non-ASCII characters
Result: NOTE
Note: found 1984 marked UTF-8 strings
Flavors: r-devel-linux-x86_64-fedora-clang, r-devel-linux-x86_64-fedora-gcc, r-release-macos-arm64, r-release-macos-x86_64, r-oldrel-macos-arm64, r-oldrel-macos-x86_64