Last updated on 2024-04-19 06:03:20 CEST.
Flavor | Version | Tinstall | Tcheck | Ttotal | Status | Flags |
---|---|---|---|---|---|---|
r-devel-linux-x86_64-debian-clang | 0.7.1 | 659.61 | 225.53 | 885.14 | NOTE | |
r-devel-linux-x86_64-debian-gcc | 0.7.1 | NOTE | ||||
r-devel-linux-x86_64-fedora-clang | 0.7.1 | 1115.57 | NOTE | |||
r-devel-linux-x86_64-fedora-gcc | 0.7.1 | 1502.49 | NOTE | |||
r-prerel-macos-arm64 | 0.7.1 | 270.00 | NOTE | |||
r-prerel-macos-x86_64 | 0.7.1 | 324.00 | NOTE | |||
r-prerel-windows-x86_64 | 0.7.1 | 532.00 | 217.00 | 749.00 | NOTE | |
r-patched-linux-x86_64 | 0.7.1 | 0.01 | 2.86 | 2.87 | ERROR | |
r-release-linux-x86_64 | 0.7.1 | 0.02 | 2.62 | 2.64 | ERROR | |
r-release-macos-arm64 | 0.7.1 | 304.00 | NOTE | |||
r-release-macos-x86_64 | 0.7.1 | 325.00 | NOTE | |||
r-release-windows-x86_64 | 0.7.1 | 678.00 | 280.00 | 958.00 | NOTE | |
r-oldrel-macos-arm64 | 0.7.1 | 270.00 | NOTE | |||
r-oldrel-windows-x86_64 | 0.7.1 | 653.00 | 259.00 | 912.00 | NOTE |
Version: 0.7.1
Check: for GNU extensions in Makefiles
Result: NOTE
GNU make is a SystemRequirements.
Flavors: r-devel-linux-x86_64-debian-clang, r-devel-linux-x86_64-debian-gcc, r-devel-linux-x86_64-fedora-clang, r-devel-linux-x86_64-fedora-gcc, r-prerel-macos-arm64, r-prerel-macos-x86_64, r-prerel-windows-x86_64, r-release-macos-arm64, r-release-macos-x86_64, r-release-windows-x86_64, r-oldrel-macos-arm64, r-oldrel-windows-x86_64
Version: 0.7.1
Check: installed package size
Result: NOTE
installed size is 7.2Mb
sub-directories of 1Mb or more:
libs 5.8Mb
Flavors: r-devel-linux-x86_64-fedora-clang, r-prerel-macos-arm64, r-prerel-macos-x86_64, r-prerel-windows-x86_64, r-release-macos-arm64, r-release-macos-x86_64, r-release-windows-x86_64, r-oldrel-macos-arm64, r-oldrel-windows-x86_64
Version: 0.7.1
Check: dependencies in R code
Result: NOTE
Namespaces in Imports field not imported from:
‘RcppParallel’ ‘rstantools’
All declared Imports should be used.
Flavors: r-devel-linux-x86_64-fedora-clang, r-devel-linux-x86_64-fedora-gcc
Version: 0.7.1
Check: whether package can be installed
Result: ERROR
Installation failed.
Flavors: r-patched-linux-x86_64, r-release-linux-x86_64