Last updated on 2023-10-03 18:05:04 CEST.
Flavor | Version | Tinstall | Tcheck | Ttotal | Status | Flags |
---|---|---|---|---|---|---|
r-devel-linux-x86_64-debian-clang | 1.0.2 | 2.73 | 28.24 | 30.97 | OK | |
r-devel-linux-x86_64-debian-gcc | 1.0.2 | 2.14 | 22.17 | 24.31 | OK | |
r-devel-linux-x86_64-fedora-clang | 1.0.2 | 37.79 | NOTE | |||
r-devel-linux-x86_64-fedora-gcc | 1.0.2 | 37.29 | NOTE | |||
r-devel-windows-x86_64 | 1.0.2 | 4.00 | 53.00 | 57.00 | OK | |
r-patched-linux-x86_64 | 1.0.2 | 2.46 | 25.42 | 27.88 | OK | |
r-release-linux-x86_64 | 1.0.2 | 2.77 | 25.52 | 28.29 | OK | |
r-release-macos-arm64 | 1.0.2 | 22.00 | OK | |||
r-release-macos-x86_64 | 1.0.2 | 22.00 | OK | |||
r-release-windows-x86_64 | 1.0.2 | 5.00 | 49.00 | 54.00 | OK | |
r-oldrel-macos-arm64 | 1.0.2 | 20.00 | OK | |||
r-oldrel-macos-x86_64 | 1.0.2 | 25.00 | NOTE | |||
r-oldrel-windows-x86_64 | 1.0.2 | 5.00 | 49.00 | 54.00 | OK |
Version: 1.0.2
Check: data for non-ASCII characters
Result: NOTE
Note: found 85 marked UTF-8 strings
Flavors: r-devel-linux-x86_64-fedora-clang, r-devel-linux-x86_64-fedora-gcc, r-oldrel-macos-x86_64