CRAN Package Check Results for Package jlctree

Last updated on 2022-01-24 17:49:58 CET.

Flavor Version Tinstall Tcheck Ttotal Status Flags
r-devel-linux-x86_64-debian-clang 0.0.2 6.84 89.77 96.61 OK
r-devel-linux-x86_64-debian-gcc 0.0.2 7.29 67.65 74.94 OK
r-devel-linux-x86_64-fedora-clang 0.0.2 118.07 OK
r-devel-linux-x86_64-fedora-gcc 0.0.2 116.39 OK
r-devel-windows-x86_64-new-UL 0.0.2 22.00 102.00 124.00 OK
r-devel-windows-x86_64-new-TK 0.0.2 ERROR
r-patched-linux-x86_64 0.0.2 7.82 84.64 92.46 OK
r-release-linux-x86_64 0.0.2 8.73 85.13 93.86 OK
r-release-macos-arm64 0.0.2 OK
r-release-macos-x86_64 0.0.2 OK
r-release-windows-ix86+x86_64 0.0.2 20.00 99.00 119.00 OK
r-oldrel-macos-x86_64 0.0.2 OK
r-oldrel-windows-ix86+x86_64 0.0.2 21.00 103.00 124.00 OK

Check Details

Version: 0.0.2
Check: package dependencies
Result: ERROR
    Package required but not available: 'lme4'
    
    See section 'The DESCRIPTION file' in the 'Writing R Extensions'
    manual.
Flavor: r-devel-windows-x86_64-new-TK