CRAN Package Check Results for Package jmatrix

Last updated on 2024-02-27 12:50:40 CET.

Flavor Version Tinstall Tcheck Ttotal Status Flags
r-devel-linux-x86_64-debian-clang 1.5 195.58 32.91 228.49 OK
r-devel-linux-x86_64-debian-gcc 1.5 153.72 25.30 179.02 OK
r-devel-linux-x86_64-fedora-clang 1.5 329.54 OK
r-devel-linux-x86_64-fedora-gcc 1.5 361.51 OK
r-devel-windows-x86_64 1.5 143.00 83.00 226.00 OK
r-patched-linux-x86_64 1.5 204.26 31.73 235.99 OK
r-release-linux-x86_64 1.5 178.60 32.06 210.66 OK
r-release-macos-arm64 1.5 85.00 NOTE
r-release-macos-x86_64 1.5 146.00 NOTE
r-release-windows-x86_64 1.5 132.00 93.00 225.00 OK
r-oldrel-macos-arm64 1.5 69.00 NOTE
r-oldrel-windows-x86_64 1.5 181.00 89.00 270.00 OK

Check Details

Version: 1.5
Check: installed package size
Result: NOTE installed size is 12.9Mb sub-directories of 1Mb or more: libs 12.6Mb Flavors: r-release-macos-arm64, r-release-macos-x86_64, r-oldrel-macos-arm64