Last updated on 2023-12-02 11:49:29 CET.
Flavor | Version | Tinstall | Tcheck | Ttotal | Status | Flags |
---|---|---|---|---|---|---|
r-devel-linux-x86_64-debian-clang | 2.3.13 | 28.40 | 31.86 | 60.26 | NOTE | |
r-devel-linux-x86_64-debian-gcc | 2.3.13 | 19.98 | 25.16 | 45.14 | NOTE | |
r-devel-linux-x86_64-fedora-clang | 2.3.13 | 84.00 | NOTE | |||
r-devel-linux-x86_64-fedora-gcc | 2.3.13 | 80.02 | NOTE | |||
r-devel-windows-x86_64 | 2.3.13 | 31.00 | 68.00 | 99.00 | NOTE | |
r-patched-linux-x86_64 | 2.3.13 | 23.38 | 31.25 | 54.63 | NOTE | |
r-release-linux-x86_64 | 2.3.13 | 21.93 | 31.12 | 53.05 | NOTE | |
r-release-macos-arm64 | 2.3.13 | 28.00 | NOTE | |||
r-release-macos-x86_64 | 2.3.13 | 41.00 | NOTE | |||
r-release-windows-x86_64 | 2.3.13 | 37.00 | 71.00 | 108.00 | NOTE | |
r-oldrel-macos-arm64 | 2.3.13 | 28.00 | OK | |||
r-oldrel-macos-x86_64 | 2.3.13 | 36.00 | OK | |||
r-oldrel-windows-x86_64 | 2.3.13 | 34.00 | 78.00 | 112.00 | OK |
Version: 2.3.13
Check: C++ specification
Result: NOTE
Specified C++11: please drop specification unless essential
Flavors: r-devel-linux-x86_64-debian-clang, r-devel-linux-x86_64-debian-gcc, r-devel-linux-x86_64-fedora-clang, r-devel-linux-x86_64-fedora-gcc, r-devel-windows-x86_64, r-patched-linux-x86_64, r-release-linux-x86_64, r-release-macos-arm64, r-release-macos-x86_64, r-release-windows-x86_64