CRAN Package Check Results for Package joinXL

Last updated on 2019-03-23 17:47:59 CET.

Flavor Version Tinstall Tcheck Ttotal Status Flags
r-devel-linux-x86_64-debian-clang 1.0.1 5.76 55.96 61.72 OK
r-devel-linux-x86_64-debian-gcc 1.0.1 4.91 44.77 49.68 OK
r-devel-linux-x86_64-fedora-clang 1.0.1 76.17 OK
r-devel-linux-x86_64-fedora-gcc 1.0.1 70.92 OK
r-devel-windows-ix86+x86_64 1.0.1 18.00 98.00 116.00 OK
r-patched-linux-x86_64 1.0.1 4.42 52.95 57.37 NOTE
r-patched-solaris-x86 1.0.1 106.60 OK
r-release-linux-x86_64 1.0.1 0.32 2.18 2.50 ERROR
r-release-windows-ix86+x86_64 1.0.1 8.00 67.00 75.00 OK
r-release-osx-x86_64 1.0.1 OK
r-oldrel-windows-ix86+x86_64 1.0.1 11.00 109.00 120.00 OK
r-oldrel-osx-x86_64 1.0.1 OK

Check Details

Version: 1.0.1
Check: DESCRIPTION meta-information
Result: NOTE
    Dependence on R version ‘3.3.1’ not with patchlevel 0
Flavor: r-patched-linux-x86_64

Version: 1.0.1
Check: whether package can be installed
Result: ERROR
    Installation failed.
Flavor: r-release-linux-x86_64