CRAN Package Check Results for Package jpeg

Last updated on 2022-12-02 17:53:07 CET.

Flavor Version Tinstall Tcheck Ttotal Status Flags
r-devel-linux-x86_64-debian-clang 0.1-9 2.75 22.83 25.58 WARN
r-devel-linux-x86_64-debian-gcc 0.1-10 2.31 17.47 19.78 OK
r-devel-linux-x86_64-fedora-clang 0.1-10 44.12 OK
r-devel-linux-x86_64-fedora-gcc 0.1-10 42.91 OK
r-devel-windows-x86_64 0.1-10 17.00 50.00 67.00 OK
r-patched-linux-x86_64 0.1-10 2.90 21.18 24.08 OK
r-release-linux-x86_64 0.1-10 2.91 21.62 24.53 OK
r-release-macos-arm64 0.1-10 15.00 OK
r-release-macos-x86_64 0.1-10 31.00 OK
r-release-windows-x86_64 0.1-10 8.00 50.00 58.00 OK
r-oldrel-macos-arm64 0.1-10 21.00 OK
r-oldrel-macos-x86_64 0.1-10 36.00 OK
r-oldrel-windows-ix86+x86_64 0.1-10 15.00 53.00 68.00 OK

Additional issues

rchk

Check Details

Version: 0.1-9
Check: whether package can be installed
Result: WARN
    Found the following significant warnings:
     ./rjcommon.h:75:44: warning: a function declaration without a prototype is deprecated in all versions of C [-Wstrict-prototypes]
Flavor: r-devel-linux-x86_64-debian-clang