CRAN Package Check Results for Package jpgrid

Last updated on 2023-03-21 17:53:06 CET.

Flavor Version Tinstall Tcheck Ttotal Status Flags
r-devel-linux-x86_64-debian-clang 0.3.0 11.43 80.76 92.19 WARN
r-devel-linux-x86_64-debian-gcc 0.3.0 9.28 61.40 70.68 WARN
r-devel-linux-x86_64-fedora-clang 0.3.0 124.60 WARN
r-devel-linux-x86_64-fedora-gcc 0.3.0 105.77 WARN
r-patched-linux-x86_64 0.3.0 7.58 79.66 87.24 OK
r-release-linux-x86_64 0.3.0 10.20 79.97 90.17 OK
r-release-macos-arm64 0.3.0 34.00 OK
r-release-macos-x86_64 0.3.0 51.00 OK
r-release-windows-x86_64 0.3.0 30.00 109.00 139.00 OK
r-oldrel-macos-arm64 0.3.0 35.00 OK
r-oldrel-macos-x86_64 0.3.0 52.00 OK
r-oldrel-windows-ix86+x86_64 0.3.0 25.00 108.00 133.00 OK

Check Details

Version: 0.3.0
Check: S3 generic/method consistency
Result: WARN
    vec_ptype_abbr:
     function(x, ..., prefix_named, suffix_shape)
    vec_ptype_abbr.grid_250m:
     function(x)
    
    vec_ptype_abbr:
     function(x, ..., prefix_named, suffix_shape)
    vec_ptype_abbr.grid_10km:
     function(x)
    
    vec_ptype_abbr:
     function(x, ..., prefix_named, suffix_shape)
    vec_ptype_abbr.grid_80km:
     function(x)
    
    vec_ptype_abbr:
     function(x, ..., prefix_named, suffix_shape)
    vec_ptype_abbr.grid_100m:
     function(x)
    
    vec_ptype_abbr:
     function(x, ..., prefix_named, suffix_shape)
    vec_ptype_abbr.grid_500m:
     function(x)
    
    vec_ptype_abbr:
     function(x, ..., prefix_named, suffix_shape)
    vec_ptype_abbr.grid_125m:
     function(x)
    
    vec_ptype_abbr:
     function(x, ..., prefix_named, suffix_shape)
    vec_ptype_abbr.grid_1km:
     function(x)
    See section ‘Generic functions and methods’ in the ‘Writing R
    Extensions’ manual.
Flavors: r-devel-linux-x86_64-debian-clang, r-devel-linux-x86_64-debian-gcc, r-devel-linux-x86_64-fedora-clang, r-devel-linux-x86_64-fedora-gcc

Version: 0.3.0
Check: data for non-ASCII characters
Result: NOTE
     Note: found 925830 marked UTF-8 strings
Flavors: r-devel-linux-x86_64-fedora-clang, r-devel-linux-x86_64-fedora-gcc