Last updated on 2023-03-23 05:50:25 CET.
Flavor | Version | Tinstall | Tcheck | Ttotal | Status | Flags |
---|---|---|---|---|---|---|
r-devel-linux-x86_64-debian-clang | 2.1.0 | 12.48 | 187.06 | 199.54 | OK | |
r-devel-linux-x86_64-debian-gcc | 2.1.0 | 9.75 | 145.45 | 155.20 | OK | |
r-devel-linux-x86_64-fedora-clang | 2.1.0 | 264.55 | NOTE | |||
r-devel-linux-x86_64-fedora-gcc | 2.1.0 | 261.83 | NOTE | |||
r-patched-linux-x86_64 | 2.1.0 | 12.63 | 186.39 | 199.02 | OK | |
r-release-linux-x86_64 | 2.1.0 | 11.59 | 184.57 | 196.16 | OK | |
r-release-macos-arm64 | 2.1.0 | 62.00 | NOTE | |||
r-release-macos-x86_64 | 2.1.0 | 133.00 | NOTE | |||
r-release-windows-x86_64 | 2.1.0 | 80.00 | 240.00 | 320.00 | OK | |
r-oldrel-macos-arm64 | 2.1.0 | 63.00 | NOTE | |||
r-oldrel-macos-x86_64 | 2.1.0 | 89.00 | NOTE | |||
r-oldrel-windows-ix86+x86_64 | 2.1.0 | 31.00 | 233.00 | 264.00 | OK |
Version: 2.1.0
Check: data for non-ASCII characters
Result: NOTE
Note: found 176 marked UTF-8 strings
Flavors: r-devel-linux-x86_64-fedora-clang, r-devel-linux-x86_64-fedora-gcc, r-release-macos-arm64, r-release-macos-x86_64, r-oldrel-macos-arm64, r-oldrel-macos-x86_64