Last updated on 2023-11-29 00:50:21 CET.
Flavor | Version | Tinstall | Tcheck | Ttotal | Status | Flags |
---|---|---|---|---|---|---|
r-devel-linux-x86_64-debian-clang | 2.1.0 | 13.29 | 232.36 | 245.65 | OK | |
r-devel-linux-x86_64-debian-gcc | 2.1.0 | 9.45 | 178.67 | 188.12 | OK | |
r-devel-linux-x86_64-fedora-clang | 2.1.0 | 293.75 | NOTE | |||
r-devel-linux-x86_64-fedora-gcc | 2.1.0 | 301.91 | NOTE | |||
r-devel-windows-x86_64 | 2.1.0 | 12.00 | 184.00 | 196.00 | OK | |
r-patched-linux-x86_64 | 2.1.0 | 10.36 | 217.53 | 227.89 | OK | |
r-release-linux-x86_64 | 2.1.0 | 8.92 | 222.85 | 231.77 | OK | |
r-release-macos-arm64 | 2.1.0 | 74.00 | OK | |||
r-release-macos-x86_64 | 2.1.0 | 136.00 | OK | |||
r-release-windows-x86_64 | 2.1.0 | 18.00 | 242.00 | 260.00 | OK | |
r-oldrel-macos-arm64 | 2.1.0 | 62.00 | NOTE | |||
r-oldrel-macos-x86_64 | 2.1.0 | 133.00 | NOTE | |||
r-oldrel-windows-x86_64 | 2.1.0 | 18.00 | 243.00 | 261.00 | OK |
Version: 2.1.0
Check: data for non-ASCII characters
Result: NOTE
Note: found 176 marked UTF-8 strings
Flavors: r-devel-linux-x86_64-fedora-clang, r-devel-linux-x86_64-fedora-gcc, r-oldrel-macos-arm64, r-oldrel-macos-x86_64