CRAN Package Check Results for Package jsonlite

Last updated on 2025-05-15 23:50:42 CEST.

Flavor Version Tinstall Tcheck Ttotal Status Flags
r-devel-linux-x86_64-debian-clang 2.0.0 8.19 48.57 56.76 OK
r-devel-linux-x86_64-debian-gcc 2.0.0 7.00 36.10 43.10 OK
r-devel-linux-x86_64-fedora-clang 2.0.0 89.30 OK
r-devel-linux-x86_64-fedora-gcc 2.0.0 103.28 OK
r-devel-windows-x86_64 2.0.0 24.00 74.00 98.00 OK
r-patched-linux-x86_64 2.0.0 7.67 45.75 53.42 OK
r-release-linux-x86_64 2.0.0 10.67 45.96 56.63 OK
r-release-macos-arm64 2.0.0 41.00 ERROR
r-release-macos-x86_64 2.0.0 72.00 OK
r-release-windows-x86_64 2.0.0 23.00 73.00 96.00 OK
r-oldrel-macos-arm64 2.0.0 82.00 OK
r-oldrel-macos-x86_64 2.0.0 139.00 OK
r-oldrel-windows-x86_64 2.0.0 22.00 86.00 108.00 OK

Check Details

Version: 2.0.0
Check: re-building of vignette outputs
Result: ERROR Error(s) in re-building vignettes: --- re-building ‘json-aaquickstart.Rmd’ using rmarkdown [WARNING] This document format requires a nonempty <title> element. Defaulting to 'json-aaquickstart.knit' as the title. To specify a title, use 'title' in metadata or --metadata title="...". --- finished re-building ‘json-aaquickstart.Rmd’ --- re-building ‘json-apis.Rmd’ using rmarkdown --- finished re-building ‘json-apis.Rmd’ --- re-building ‘json-paging.Rmd’ using rmarkdown --- finished re-building ‘json-paging.Rmd’ --- re-building ‘json-mapping.pdf.asis’ using asis --- finished re-building ‘json-mapping.pdf.asis’ Error in loadVignetteBuilder(pkgdir) : vignette builder 'R.rsp' not found Calls: <Anonymous> -> loadVignetteBuilder Execution halted SUMMARY: processing the following file failed: ‘json-opencpu.pdf.asis’ Error: Vignette re-building failed. Execution halted Flavor: r-release-macos-arm64