Last updated on 2024-04-25 17:49:53 CEST.
Flavor | Version | Tinstall | Tcheck | Ttotal | Status | Flags |
---|---|---|---|---|---|---|
r-devel-linux-x86_64-debian-clang | 0.8.4 | 79.53 | 54.09 | 133.62 | NOTE | |
r-devel-linux-x86_64-debian-gcc | 0.8.4 | 63.62 | 39.36 | 102.98 | NOTE | |
r-devel-linux-x86_64-fedora-clang | 0.8.4 | 196.41 | NOTE | |||
r-devel-linux-x86_64-fedora-gcc | 0.8.4 | 201.62 | NOTE | |||
r-devel-windows-x86_64 | 0.8.4 | 63.00 | 87.00 | 150.00 | NOTE | |
r-patched-linux-x86_64 | 0.8.4 | 86.94 | 50.77 | 137.71 | NOTE | |
r-release-linux-x86_64 | 0.8.4 | 77.46 | 51.33 | 128.79 | NOTE | |
r-release-macos-arm64 | 0.8.4 | 48.00 | NOTE | |||
r-release-windows-x86_64 | 0.8.4 | 63.00 | 86.00 | 149.00 | NOTE | |
r-oldrel-macos-arm64 | 0.8.4 | 54.00 | NOTE | |||
r-oldrel-macos-x86_64 | 0.8.4 | 81.00 | NOTE | |||
r-oldrel-windows-x86_64 | 0.8.4 | 80.00 | 99.00 | 179.00 | NOTE |
Version: 0.8.4
Check: C++ specification
Result: NOTE
Specified C++11: please drop specification unless essential
Flavors: r-devel-linux-x86_64-debian-clang, r-devel-linux-x86_64-debian-gcc, r-devel-linux-x86_64-fedora-clang, r-devel-linux-x86_64-fedora-gcc, r-devel-windows-x86_64, r-patched-linux-x86_64, r-release-linux-x86_64, r-release-macos-arm64, r-release-windows-x86_64, r-oldrel-macos-arm64, r-oldrel-macos-x86_64, r-oldrel-windows-x86_64