CRAN Package Check Results for Package juicr

Last updated on 2021-07-27 11:51:05 CEST.

Flavor Version Tinstall Tcheck Ttotal Status Flags
r-devel-linux-x86_64-debian-clang 0.1 9.34 70.36 79.70 OK
r-devel-linux-x86_64-debian-gcc 0.1 7.19 54.78 61.97 OK
r-devel-linux-x86_64-fedora-clang 0.1 107.80 OK
r-devel-linux-x86_64-fedora-gcc 0.1 97.10 OK
r-devel-windows-x86_64 0.1 14.00 69.00 83.00 OK
r-devel-windows-x86_64-gcc10-UCRT 0.1 OK
r-patched-linux-x86_64 0.1 9.75 69.25 79.00 OK
r-patched-solaris-x86 0.1 134.30 OK
r-release-linux-x86_64 0.1 9.32 69.77 79.09 OK
r-release-macos-arm64 0.1 NOTE
r-release-macos-x86_64 0.1 OK
r-release-windows-ix86+x86_64 0.1 19.00 62.00 81.00 OK
r-oldrel-macos-x86_64 0.1 OK
r-oldrel-windows-ix86+x86_64 0.1 15.00 83.00 98.00 OK

Check Details

Version: 0.1
Check: package dependencies
Result: NOTE
    Package suggested but not available for checking: ‘EBImage’
Flavor: r-release-macos-arm64