Last updated on 2024-03-29 06:56:29 CET.
Flavor | Version | Tinstall | Tcheck | Ttotal | Status | Flags |
---|---|---|---|---|---|---|
r-devel-linux-x86_64-debian-clang | 0.2.6 | 7.44 | 85.67 | 93.11 | OK | |
r-devel-linux-x86_64-debian-gcc | 0.2.6 | 4.87 | 64.93 | 69.80 | OK | |
r-devel-linux-x86_64-fedora-clang | 0.2.6 | 118.72 | NOTE | |||
r-devel-linux-x86_64-fedora-gcc | 0.2.6 | 124.10 | OK | |||
r-devel-windows-x86_64 | 0.2.6 | 7.00 | 85.00 | 92.00 | OK | |
r-patched-linux-x86_64 | 0.2.6 | 4.32 | 85.91 | 90.23 | OK | |
r-release-linux-x86_64 | 0.2.6 | 3.76 | 83.73 | 87.49 | OK | |
r-release-macos-arm64 | 0.2.6 | 44.00 | OK | |||
r-release-macos-x86_64 | 0.2.6 | 82.00 | OK | |||
r-release-windows-x86_64 | 0.2.6 | 8.00 | 95.00 | 103.00 | OK | |
r-oldrel-macos-arm64 | 0.2.6 | 37.00 | OK | |||
r-oldrel-windows-x86_64 | 0.2.6 | 10.00 | 98.00 | 108.00 | OK |
Version: 0.2.6
Check: Rd cross-references
Result: NOTE
Undeclared package ‘ggplot2’ in Rd xrefs
Flavor: r-devel-linux-x86_64-fedora-clang