CRAN Package Check Results for Package kangar00

Last updated on 2021-06-20 17:49:40 CEST.

Flavor Version Tinstall Tcheck Ttotal Status Flags
r-devel-linux-x86_64-debian-clang 1.4 29.00 247.67 276.67 OK
r-devel-linux-x86_64-debian-gcc 1.4 23.94 183.45 207.39 OK
r-devel-linux-x86_64-fedora-clang 1.4 345.57 OK
r-devel-linux-x86_64-fedora-gcc 1.4 340.81 OK
r-devel-windows-x86_64 1.4 47.00 212.00 259.00 OK
r-devel-windows-x86_64-gcc10-UCRT 1.4 ERROR
r-patched-linux-x86_64 1.4 20.37 231.76 252.13 OK
r-patched-solaris-x86 1.4 483.40 OK
r-release-linux-x86_64 1.4 23.91 230.60 254.51 OK
r-release-macos-arm64 1.4 ERROR
r-release-macos-x86_64 1.4 ERROR
r-release-windows-ix86+x86_64 1.4 65.00 270.00 335.00 OK
r-oldrel-macos-x86_64 1.4 ERROR

Check Details

Version: 1.4
Check: package dependencies
Result: ERROR
    Package required but not available: 'biomaRt'
    
    See section 'The DESCRIPTION file' in the 'Writing R Extensions'
    manual.
Flavor: r-devel-windows-x86_64-gcc10-UCRT

Version: 1.4
Check: package dependencies
Result: ERROR
    Packages required but not available: 'biomaRt', 'KEGGgraph'
    
    See section ‘The DESCRIPTION file’ in the ‘Writing R Extensions’
    manual.
Flavor: r-release-macos-arm64

Version: 1.4
Check: package dependencies
Result: ERROR
    Package required but not available: ‘KEGGgraph’
    
    See section ‘The DESCRIPTION file’ in the ‘Writing R Extensions’
    manual.
Flavors: r-release-macos-x86_64, r-oldrel-macos-x86_64