Last updated on 2024-03-28 11:53:29 CET.
Flavor | Version | Tinstall | Tcheck | Ttotal | Status | Flags |
---|---|---|---|---|---|---|
r-devel-linux-x86_64-debian-clang | 0.1.1 | 6.44 | 102.36 | 108.80 | OK | |
r-devel-linux-x86_64-debian-gcc | 0.1.1 | 5.67 | 76.59 | 82.26 | OK | |
r-devel-linux-x86_64-fedora-clang | 0.1.1 | 135.96 | NOTE | |||
r-devel-linux-x86_64-fedora-gcc | 0.1.1 | 145.20 | NOTE | |||
r-devel-windows-x86_64 | 0.1.1 | 7.00 | 91.00 | 98.00 | OK | |
r-patched-linux-x86_64 | 0.1.1 | 4.77 | 100.02 | 104.79 | OK | |
r-release-linux-x86_64 | 0.1.1 | 4.38 | 97.20 | 101.58 | OK | |
r-release-macos-arm64 | 0.1.1 | 51.00 | OK | |||
r-release-macos-x86_64 | 0.1.1 | 84.00 | OK | |||
r-release-windows-x86_64 | 0.1.1 | 11.00 | 101.00 | 112.00 | OK | |
r-oldrel-macos-arm64 | 0.1.1 | 46.00 | NOTE | |||
r-oldrel-windows-x86_64 | 0.1.1 | 10.00 | 107.00 | 117.00 | OK |
Version: 0.1.1
Check: dependencies in R code
Result: NOTE
Namespace in Imports field not imported from: ‘gifski’
All declared Imports should be used.
Flavors: r-devel-linux-x86_64-fedora-clang, r-devel-linux-x86_64-fedora-gcc, r-oldrel-macos-arm64