CRAN Package Check Results for Package karyotapR

Last updated on 2024-04-21 17:56:30 CEST.

Flavor Version Tinstall Tcheck Ttotal Status Flags
r-devel-linux-x86_64-debian-clang 1.0.1 0.68 2.15 2.83 ERROR
r-devel-linux-x86_64-debian-gcc 1.0.1 1.68 1.68 ERROR
r-devel-linux-x86_64-fedora-clang 1.0.1 607.78 OK
r-devel-linux-x86_64-fedora-gcc 1.0.1 576.85 OK
r-prerel-macos-arm64 1.0.1 146.00 OK
r-prerel-macos-x86_64 1.0.1 318.00 OK
r-prerel-windows-x86_64 1.0.1 35.00 283.00 318.00 OK
r-patched-linux-x86_64 1.0.1 39.02 395.71 434.73 OK
r-release-linux-x86_64 1.0.1 29.29 403.47 432.76 OK
r-release-macos-arm64 1.0.1 11.00 ERROR
r-release-macos-x86_64 1.0.1 7.00 ERROR
r-release-windows-x86_64 1.0.1 49.00 392.00 441.00 OK
r-oldrel-macos-arm64 1.0.1 135.00 OK
r-oldrel-windows-x86_64 1.0.1 47.00 347.00 394.00 OK

Check Details

Version: 1.0.1
Check: package dependencies
Result: ERROR Packages required but not available: 'SingleCellExperiment', 'GenomicRanges', 'SummarizedExperiment' Packages suggested but not available for checking: 'Biostrings', 'Rsamtools' See section ‘The DESCRIPTION file’ in the ‘Writing R Extensions’ manual. Flavor: r-devel-linux-x86_64-debian-clang

Version: 1.0.1
Check: package dependencies
Result: ERROR Packages required but not available: 'SingleCellExperiment', 'SummarizedExperiment' See section ‘The DESCRIPTION file’ in the ‘Writing R Extensions’ manual. Flavor: r-devel-linux-x86_64-debian-gcc

Version: 1.0.1
Check: package dependencies
Result: ERROR Package required but not available: ‘rhdf5’ See section ‘The DESCRIPTION file’ in the ‘Writing R Extensions’ manual. Flavors: r-release-macos-arm64, r-release-macos-x86_64