Last updated on 2024-05-07 23:53:45 CEST.
Flavor | Version | Tinstall | Tcheck | Ttotal | Status | Flags |
---|---|---|---|---|---|---|
r-devel-linux-x86_64-debian-clang | 1.0.7 | 55.14 | 33.34 | 88.48 | OK | |
r-devel-linux-x86_64-debian-gcc | 1.0.7 | 41.31 | 26.95 | 68.26 | OK | |
r-devel-linux-x86_64-fedora-clang | 1.0.7 | 112.69 | OK | |||
r-devel-linux-x86_64-fedora-gcc | 1.0.7 | 170.49 | OK | |||
r-devel-windows-x86_64 | 1.0.7 | 41.00 | 66.00 | 107.00 | OK | |
r-patched-linux-x86_64 | 1.0.7 | 47.96 | 32.55 | 80.51 | OK | |
r-release-linux-x86_64 | 1.0.7 | 57.94 | 33.51 | 91.45 | OK | |
r-release-macos-arm64 | 1.0.7 | 32.00 | NOTE | |||
r-release-macos-x86_64 | 1.0.7 | 91.00 | NOTE | |||
r-release-windows-x86_64 | 1.0.7 | 39.00 | 64.00 | 103.00 | OK | |
r-oldrel-macos-arm64 | 1.0.7 | 36.00 | NOTE | |||
r-oldrel-macos-x86_64 | 1.0.7 | 69.00 | NOTE | |||
r-oldrel-windows-x86_64 | 1.0.7 | 48.00 | 75.00 | 123.00 | OK |
Version: 1.0.7
Check: installed package size
Result: NOTE
installed size is 14.5Mb
sub-directories of 1Mb or more:
libs 14.4Mb
Flavors: r-release-macos-arm64, r-release-macos-x86_64, r-oldrel-macos-arm64, r-oldrel-macos-x86_64