Last updated on 2023-06-06 17:58:43 CEST.
Flavor | Version | Tinstall | Tcheck | Ttotal | Status | Flags |
---|---|---|---|---|---|---|
r-devel-linux-x86_64-debian-clang | 1.1.0 | 9.64 | 88.51 | 98.15 | NOTE | |
r-devel-linux-x86_64-debian-gcc | 1.1.0 | 7.15 | 67.88 | 75.03 | NOTE | |
r-devel-linux-x86_64-fedora-clang | 1.1.0 | 122.66 | NOTE | |||
r-devel-linux-x86_64-fedora-gcc | 1.1.0 | 134.90 | NOTE | |||
r-devel-windows-x86_64 | 1.1.0 | 10.00 | 81.00 | 91.00 | NOTE | |
r-patched-linux-x86_64 | 1.1.0 | 10.21 | 85.44 | 95.65 | NOTE | |
r-release-linux-x86_64 | 1.1.0 | 9.12 | 86.82 | 95.94 | NOTE | |
r-release-macos-arm64 | 1.1.0 | 44.00 | NOTE | |||
r-release-macos-x86_64 | 1.1.0 | 67.00 | NOTE | |||
r-release-windows-x86_64 | 1.1.0 | 14.00 | 101.00 | 115.00 | NOTE | |
r-oldrel-macos-arm64 | 1.1.0 | 25.00 | NOTE | |||
r-oldrel-macos-x86_64 | 1.1.0 | 46.00 | NOTE | |||
r-oldrel-windows-x86_64 | 1.1.0 | 12.00 | 93.00 | 105.00 | NOTE |
Version: 1.1.0
Check: LazyData
Result: NOTE
'LazyData' is specified without a 'data' directory
Flavors: r-devel-linux-x86_64-debian-clang, r-devel-linux-x86_64-debian-gcc, r-devel-linux-x86_64-fedora-clang, r-devel-linux-x86_64-fedora-gcc, r-devel-windows-x86_64, r-patched-linux-x86_64, r-release-linux-x86_64, r-release-macos-arm64, r-release-macos-x86_64, r-release-windows-x86_64, r-oldrel-macos-arm64, r-oldrel-macos-x86_64, r-oldrel-windows-x86_64
Version: 1.1.0
Check: dependencies in R code
Result: NOTE
Namespaces in Imports field not imported from:
‘EQL’ ‘univariateML’
All declared Imports should be used.
Flavors: r-devel-linux-x86_64-fedora-clang, r-devel-linux-x86_64-fedora-gcc, r-oldrel-macos-arm64, r-oldrel-macos-x86_64