CRAN Package Check Results for Package kdensity

Last updated on 2020-12-01 00:46:45 CET.

Flavor Version Tinstall Tcheck Ttotal Status Flags
r-devel-linux-x86_64-debian-clang 1.1.0 7.76 55.13 62.89 OK
r-devel-linux-x86_64-debian-gcc 1.1.0 4.94 42.78 47.72 OK
r-devel-linux-x86_64-fedora-clang 1.1.0 78.33 NOTE
r-devel-linux-x86_64-fedora-gcc 1.1.0 69.14 NOTE
r-devel-windows-ix86+x86_64 1.1.0 11.00 58.00 69.00 OK
r-patched-linux-x86_64 1.1.0 7.16 55.96 63.12 OK
r-patched-solaris-x86 1.1.0 95.50 NOTE
r-release-linux-x86_64 1.1.0 6.76 54.41 61.17 OK
r-release-macos-x86_64 1.1.0 NOTE
r-release-windows-ix86+x86_64 1.1.0 9.00 54.00 63.00 OK
r-oldrel-macos-x86_64 1.1.0 NOTE
r-oldrel-windows-ix86+x86_64 1.1.0 8.00 67.00 75.00 OK

Check Details

Version: 1.1.0
Check: dependencies in R code
Result: NOTE
    Namespaces in Imports field not imported from:
     ‘EQL’ ‘univariateML’
     All declared Imports should be used.
Flavors: r-devel-linux-x86_64-fedora-clang, r-devel-linux-x86_64-fedora-gcc, r-patched-solaris-x86, r-release-macos-x86_64, r-oldrel-macos-x86_64