CRAN Package Check Results for Package kdevine

Last updated on 2022-10-07 05:51:58 CEST.

Flavor Version Tinstall Tcheck Ttotal Status Flags
r-devel-linux-x86_64-debian-clang 0.4.3 28.47 112.05 140.52 WARN
r-devel-linux-x86_64-debian-gcc 0.4.3 24.46 85.72 110.18 OK
r-devel-linux-x86_64-fedora-clang 0.4.3 192.71 WARN
r-devel-linux-x86_64-fedora-gcc 0.4.3 178.01 OK
r-devel-windows-x86_64 0.4.3 31.00 155.00 186.00 OK
r-patched-linux-x86_64 0.4.3 32.81 106.47 139.28 OK
r-release-linux-x86_64 0.4.3 24.24 108.91 133.15 OK
r-release-macos-arm64 0.4.3 55.00 OK
r-release-macos-x86_64 0.4.3 68.00 OK
r-release-windows-x86_64 0.4.3 38.00 157.00 195.00 OK
r-oldrel-macos-arm64 0.4.3 55.00 OK
r-oldrel-macos-x86_64 0.4.3 88.00 OK
r-oldrel-windows-ix86+x86_64 0.4.3 70.00 195.00 265.00 OK

Additional issues

clang14

Check Details

Version: 0.4.3
Check: whether package can be installed
Result: WARN
    Found the following significant warnings:
     evaluators.cpp:52:13: warning: use of bitwise '|' with boolean operands [-Wbitwise-instead-of-logical]
Flavors: r-devel-linux-x86_64-debian-clang, r-devel-linux-x86_64-fedora-clang