Last updated on 2024-03-29 06:56:29 CET.
Flavor | Version | Tinstall | Tcheck | Ttotal | Status | Flags |
---|---|---|---|---|---|---|
r-devel-linux-x86_64-debian-clang | 2.0-2 | 4.82 | 51.85 | 56.67 | NOTE | |
r-devel-linux-x86_64-debian-gcc | 2.0-2 | 3.27 | 39.64 | 42.91 | NOTE | |
r-devel-linux-x86_64-fedora-clang | 2.0-2 | 70.89 | NOTE | |||
r-devel-linux-x86_64-fedora-gcc | 2.0-2 | 80.53 | NOTE | |||
r-devel-windows-x86_64 | 2.0-2 | 4.00 | 56.00 | 60.00 | NOTE | |
r-patched-linux-x86_64 | 2.0-2 | 6.23 | 48.96 | 55.19 | NOTE | |
r-release-linux-x86_64 | 2.0-2 | 3.99 | 48.32 | 52.31 | OK | |
r-release-macos-arm64 | 2.0-2 | 29.00 | OK | |||
r-release-macos-x86_64 | 2.0-2 | 44.00 | OK | |||
r-release-windows-x86_64 | 2.0-2 | 5.00 | 62.00 | 67.00 | OK | |
r-oldrel-macos-arm64 | 2.0-2 | 25.00 | OK | |||
r-oldrel-windows-x86_64 | 2.0-2 | 6.00 | 67.00 | 73.00 | OK |
Version: 2.0-2
Check: Rd files
Result: NOTE
prepare_Rd: NEWS.Rd:58: Dropping empty section ‘kelvin INITIAL VERSION 1.0-0 (2012-05-30)’
Flavors: r-devel-linux-x86_64-debian-clang, r-devel-linux-x86_64-debian-gcc, r-devel-linux-x86_64-fedora-clang, r-devel-linux-x86_64-fedora-gcc, r-devel-windows-x86_64, r-patched-linux-x86_64