CRAN Package Check Results for Package keras

Last updated on 2021-09-20 05:50:00 CEST.

Flavor Version Tinstall Tcheck Ttotal Status Flags
r-devel-linux-x86_64-debian-clang 2.6.0 20.46 151.01 171.47 OK
r-devel-linux-x86_64-debian-gcc 2.6.0 17.87 115.02 132.89 OK
r-devel-linux-x86_64-fedora-clang 2.6.0 218.41 OK
r-devel-linux-x86_64-fedora-gcc 2.6.0 205.47 OK
r-devel-windows-x86_64 2.6.0 28.00 157.00 185.00 OK
r-devel-windows-x86_64-gcc10-UCRT 2.6.0 ERROR
r-patched-linux-x86_64 2.6.0 34.70 168.85 203.55 OK
r-patched-solaris-x86 2.6.0 259.20 OK
r-release-linux-x86_64 2.6.0 18.82 168.20 187.02 OK
r-release-macos-arm64 2.6.0 OK
r-release-macos-x86_64 2.6.0 OK
r-release-windows-ix86+x86_64 2.6.0 40.00 166.00 206.00 OK
r-oldrel-macos-x86_64 2.6.0 OK
r-oldrel-windows-ix86+x86_64 2.6.0 40.00 164.00 204.00 OK

Check Details

Version: 2.6.0
Check: whether package can be installed
Result: WARN
    Found the following significant warnings:
     WARNING: installation-time patches will not be applied, could not get the patches index
Flavor: r-devel-windows-x86_64-gcc10-UCRT

Version: 2.6.0
Check: PDF version of manual
Result: WARN
    LaTeX errors when creating PDF version.
    This typically indicates Rd problems.
Flavor: r-devel-windows-x86_64-gcc10-UCRT

Version: 2.6.0
Check: PDF version of manual without hyperrefs or index
Result: ERROR
    Re-running with no redirection of stdout/stderr.
Flavor: r-devel-windows-x86_64-gcc10-UCRT