CRAN Package Check Results for Package keyring

Last updated on 2024-06-13 18:49:54 CEST.

Flavor Version Tinstall Tcheck Ttotal Status Flags
r-devel-linux-x86_64-debian-clang 1.3.2 12.81 34.81 47.62 OK
r-devel-linux-x86_64-debian-gcc 1.3.2 9.27 23.08 32.35 ERROR
r-devel-linux-x86_64-fedora-clang 1.3.2 58.71 OK
r-devel-linux-x86_64-fedora-gcc 1.3.2 55.24 OK
r-devel-windows-x86_64 1.3.2 21.00 51.00 72.00 OK
r-patched-linux-x86_64 1.3.2 8.82 32.59 41.41 OK
r-release-linux-x86_64 1.3.2 9.80 32.34 42.14 OK
r-release-macos-arm64 1.3.2 23.00 OK
r-release-macos-x86_64 1.3.2 33.00 OK
r-release-windows-x86_64 1.3.2 22.00 52.00 74.00 OK
r-oldrel-macos-arm64 1.3.2 29.00 OK
r-oldrel-macos-x86_64 1.3.2 56.00 OK
r-oldrel-windows-x86_64 1.3.2 26.00 55.00 81.00 OK

Check Details

Version: 1.3.2
Check: package dependencies
Result: NOTE Packages suggested but not available for checking: 'mockery', 'testthat' Flavor: r-devel-linux-x86_64-debian-gcc

Version: 1.3.2
Check: tests
Result: ERROR Running ‘testthat.R’ [0s/0s] Running the tests in ‘tests/testthat.R’ failed. Complete output: > # This file is part of the standard setup for testthat. > # It is recommended that you do not modify it. > # > # Where should you do additional test configuration? > # Learn more about the roles of various files in: > # * https://r-pkgs.org/testing-design.html#sec-tests-files-overview > # * https://testthat.r-lib.org/articles/special-files.html > > library(testthat) Error in library(testthat) : there is no package called 'testthat' Execution halted Flavor: r-devel-linux-x86_64-debian-gcc