CRAN Package Check Results for Package keyring

Last updated on 2021-04-20 17:50:50 CEST.

Flavor Version Tinstall Tcheck Ttotal Status Flags
r-devel-linux-x86_64-debian-clang 1.1.0 9.61 30.06 39.67 NOTE
r-devel-linux-x86_64-debian-gcc 1.1.0 7.60 23.61 31.21 NOTE
r-devel-linux-x86_64-fedora-clang 1.1.0 59.33 NOTE
r-devel-linux-x86_64-fedora-gcc 1.1.0 57.21 NOTE
r-devel-windows-ix86+x86_64 1.1.0 22.00 46.00 68.00 NOTE
r-devel-windows-x86_64-gcc10-UCRT 1.1.0 NOTE
r-patched-linux-x86_64 1.1.0 10.25 29.53 39.78 OK
r-patched-solaris-x86 1.1.0 67.90 OK
r-release-linux-x86_64 1.1.0 8.83 29.61 38.44 OK
r-release-macos-x86_64 1.1.0 OK
r-release-windows-ix86+x86_64 1.1.0 20.00 58.00 78.00 OK
r-oldrel-macos-x86_64 1.1.0 OK
r-oldrel-windows-ix86+x86_64 1.1.0 13.00 53.00 66.00 OK

Check Details

Version: 1.1.0
Check: LazyData
Result: NOTE
     'LazyData' is specified without a 'data' directory
Flavors: r-devel-linux-x86_64-debian-clang, r-devel-linux-x86_64-debian-gcc, r-devel-linux-x86_64-fedora-clang, r-devel-linux-x86_64-fedora-gcc, r-devel-windows-ix86+x86_64, r-devel-windows-x86_64-gcc10-UCRT

Version: 1.1.0
Check: top-level files
Result: NOTE
    ‘configure’: /bin/bash is not portable
Flavors: r-devel-linux-x86_64-fedora-clang, r-devel-linux-x86_64-fedora-gcc