CRAN Package Check Results for Package keys

Last updated on 2024-02-27 12:50:40 CET.

Flavor Version Tinstall Tcheck Ttotal Status Flags
r-devel-linux-x86_64-debian-clang 0.1.1 2.64 32.08 34.72 NOTE
r-devel-linux-x86_64-debian-gcc 0.1.1 2.36 25.11 27.47 NOTE
r-devel-linux-x86_64-fedora-clang 0.1.1 44.36 NOTE
r-devel-linux-x86_64-fedora-gcc 0.1.1 55.96 NOTE
r-devel-windows-x86_64 0.1.1 4.00 48.00 52.00 OK
r-patched-linux-x86_64 0.1.1 3.56 31.26 34.82 OK
r-release-linux-x86_64 0.1.1 3.10 31.10 34.20 OK
r-release-macos-arm64 0.1.1 25.00 OK
r-release-macos-x86_64 0.1.1 35.00 OK
r-release-windows-x86_64 0.1.1 5.00 50.00 55.00 OK
r-oldrel-macos-arm64 0.1.1 18.00 NOTE
r-oldrel-windows-x86_64 0.1.1 5.00 52.00 57.00 OK

Check Details

Version: 0.1.1
Check: Rd files
Result: NOTE checkRd: (-1) useKeys.Rd:13: Lost braces; missing escapes or markup? 13 | This function adds the {keys} dependencies to your application | ^ Flavors: r-devel-linux-x86_64-debian-clang, r-devel-linux-x86_64-debian-gcc, r-devel-linux-x86_64-fedora-clang, r-devel-linux-x86_64-fedora-gcc

Version: 0.1.1
Check: dependencies in R code
Result: NOTE Namespace in Imports field not imported from: ‘shiny’ All declared Imports should be used. Flavor: r-oldrel-macos-arm64