CRAN Package Check Results for Package kindisperse

Last updated on 2022-11-26 10:58:01 CET.

Flavor Version Tinstall Tcheck Ttotal Status Flags
r-devel-linux-x86_64-debian-clang 0.10.2 16.63 140.58 157.21 OK
r-devel-linux-x86_64-debian-gcc 0.10.2 12.80 104.30 117.10 OK
r-devel-linux-x86_64-fedora-clang 0.10.2 198.62 NOTE
r-devel-linux-x86_64-fedora-gcc 0.10.2 208.23 NOTE
r-devel-windows-x86_64 0.10.2 68.00 196.00 264.00 OK
r-patched-linux-x86_64 0.10.2 OK
r-release-linux-x86_64 0.10.2 17.15 131.87 149.02 OK
r-release-macos-arm64 0.10.2 52.00 NOTE
r-release-macos-x86_64 0.10.2 89.00 NOTE
r-release-windows-x86_64 0.10.2 129.00 192.00 321.00 OK
r-oldrel-macos-arm64 0.10.2 56.00 NOTE
r-oldrel-macos-x86_64 0.10.2 69.00 NOTE
r-oldrel-windows-ix86+x86_64 0.10.2 40.00 180.00 220.00 OK

Check Details

Version: 0.10.2
Check: dependencies in R code
Result: NOTE
    Namespaces in Imports field not imported from:
     ‘fitdistrplus’ ‘plotly’
     All declared Imports should be used.
Flavors: r-devel-linux-x86_64-fedora-clang, r-devel-linux-x86_64-fedora-gcc, r-release-macos-arm64, r-release-macos-x86_64, r-oldrel-macos-arm64, r-oldrel-macos-x86_64