CRAN Package Check Results for Package kissmig

Last updated on 2020-10-22 11:49:30 CEST.

Flavor Version Tinstall Tcheck Ttotal Status Flags
r-devel-linux-x86_64-debian-clang 1.0-3 9.96 71.49 81.45 NOTE
r-devel-linux-x86_64-debian-gcc 1.0-3 6.88 55.07 61.95 NOTE
r-devel-linux-x86_64-fedora-clang 1.0-3 104.60 NOTE
r-devel-linux-x86_64-fedora-gcc 1.0-3 95.59 NOTE
r-devel-windows-ix86+x86_64 1.0-3 22.00 121.00 143.00 NOTE
r-patched-linux-x86_64 1.0-3 8.73 66.50 75.23 NOTE
r-patched-solaris-x86 1.0-3 133.60 NOTE
r-release-linux-x86_64 1.0-3 7.93 66.66 74.59 NOTE
r-release-macos-x86_64 1.0-3 NOTE
r-release-windows-ix86+x86_64 1.0-3 16.00 87.00 103.00 NOTE
r-oldrel-macos-x86_64 1.0-3 NOTE
r-oldrel-windows-ix86+x86_64 1.0-3 19.00 107.00 126.00 NOTE

Check Details

Version: 1.0-3
Check: R code for possible problems
Result: NOTE
    kissmigDummyS: no visible global function definition for 'dnorm'
    Undefined global functions or variables:
     dnorm
    Consider adding
     importFrom("stats", "dnorm")
    to your NAMESPACE file.
Flavors: r-devel-linux-x86_64-debian-clang, r-devel-linux-x86_64-debian-gcc, r-devel-linux-x86_64-fedora-clang, r-devel-linux-x86_64-fedora-gcc, r-devel-windows-ix86+x86_64, r-patched-linux-x86_64, r-patched-solaris-x86, r-release-linux-x86_64, r-release-macos-x86_64, r-release-windows-ix86+x86_64, r-oldrel-macos-x86_64, r-oldrel-windows-ix86+x86_64

Version: 1.0-3
Check: compiled code
Result: NOTE
    File ‘kissmig/libs/kissmig.so’:
     Found no calls to: ‘R_registerRoutines’, ‘R_useDynamicSymbols’
    
    It is good practice to register native routines and to disable symbol
    search.
    
    See ‘Writing portable packages’ in the ‘Writing R Extensions’ manual.
Flavors: r-devel-linux-x86_64-fedora-clang, r-devel-linux-x86_64-fedora-gcc