CRAN Package Check Results for Package klausuR

Last updated on 2022-01-24 05:51:53 CET.

Flavor Version Tinstall Tcheck Ttotal Status Flags
r-devel-linux-x86_64-debian-clang 0.12-10 8.53 56.83 65.36 NOTE
r-devel-linux-x86_64-debian-gcc 0.12-10 5.28 43.96 49.24 NOTE
r-devel-linux-x86_64-fedora-clang 0.12-10 85.47 NOTE
r-devel-linux-x86_64-fedora-gcc 0.12-10 67.30 NOTE
r-devel-windows-x86_64-new-UL 0.12-10 50.00 87.00 137.00 NOTE
r-devel-windows-x86_64-new-TK 0.12-10 NOTE
r-patched-linux-x86_64 0.12-10 7.20 55.26 62.46 NOTE
r-release-linux-x86_64 0.12-10 7.13 55.76 62.89 NOTE
r-release-macos-arm64 0.12-10 NOTE
r-release-macos-x86_64 0.12-10 NOTE
r-release-windows-ix86+x86_64 0.12-10 15.00 69.00 84.00 NOTE
r-oldrel-macos-x86_64 0.12-10 NOTE
r-oldrel-windows-ix86+x86_64 0.12-10 16.00 70.00 86.00 NOTE

Check Details

Version: 0.12-10
Check: package dependencies
Result: NOTE
    Package which this enhances but not available for checking: 'rkward'
Flavors: r-devel-linux-x86_64-debian-clang, r-devel-linux-x86_64-debian-gcc, r-devel-linux-x86_64-fedora-clang, r-devel-linux-x86_64-fedora-gcc, r-devel-windows-x86_64-new-UL, r-devel-windows-x86_64-new-TK, r-patched-linux-x86_64, r-release-linux-x86_64, r-release-macos-arm64, r-release-macos-x86_64, r-release-windows-ix86+x86_64, r-oldrel-macos-x86_64, r-oldrel-windows-ix86+x86_64

Version: 0.12-10
Check: R code for possible problems
Result: NOTE
    distrct.analysis : <anonymous> : <anonymous>: no visible global
     function definition for 'cor'
    grand.table: no visible global function definition for 'write.csv2'
    grand.table: no visible global function definition for 'write.csv'
    klausur: no visible global function definition for 'sd'
    klausur: no visible global function definition for 'na.omit'
    klausur.gen.marks : suggestion : <anonymous>: no visible global
     function definition for 'qnorm'
    klausur.mufo: no visible global function definition for 'sd'
    klausur.report: no visible global function definition for 'dev.off'
    klausur.report : tabellenbau: no visible global function definition for
     'capture.output'
    plot,klausuR-missing: no visible global function definition for
     'na.omit'
    plot,klausuR-missing: no visible global function definition for 'sd'
    plot,klausuR-missing : <anonymous>: no visible global function
     definition for 'dnorm'
    Undefined global functions or variables:
     capture.output cor dev.off dnorm na.omit qnorm sd write.csv
     write.csv2
    Consider adding
     importFrom("grDevices", "dev.off")
     importFrom("stats", "cor", "dnorm", "na.omit", "qnorm", "sd")
     importFrom("utils", "capture.output", "write.csv", "write.csv2")
    to your NAMESPACE file.
Flavors: r-devel-linux-x86_64-debian-clang, r-devel-linux-x86_64-debian-gcc, r-devel-linux-x86_64-fedora-clang, r-devel-linux-x86_64-fedora-gcc, r-devel-windows-x86_64-new-UL, r-devel-windows-x86_64-new-TK, r-patched-linux-x86_64, r-release-linux-x86_64, r-release-macos-arm64, r-release-macos-x86_64, r-release-windows-ix86+x86_64, r-oldrel-macos-x86_64, r-oldrel-windows-ix86+x86_64

Version: 0.12-10
Check: data for non-ASCII characters
Result: NOTE
     Note: found 8 marked UTF-8 strings
Flavors: r-devel-linux-x86_64-fedora-clang, r-devel-linux-x86_64-fedora-gcc, r-devel-windows-x86_64-new-TK, r-release-macos-arm64, r-release-macos-x86_64, r-oldrel-macos-x86_64